{"id":100,"date":"2021-01-09T22:24:22","date_gmt":"2021-01-09T22:24:22","guid":{"rendered":"https:\/\/mimvlora.al\/?page_id=100"},"modified":"2021-02-09T16:17:30","modified_gmt":"2021-02-09T16:17:30","slug":"grumbullimi-i-ndare-i-mbetjeve-te-riciklueshme","status":"publish","type":"page","link":"https:\/\/mimvlora.al\/?page_id=100","title":{"rendered":"Grumbullimi i Ndar\u00eb i Mbetjeve t\u00eb Riciklueshme"},"content":{"rendered":"\t\t<div data-elementor-type=\"wp-page\" data-elementor-id=\"100\" class=\"elementor elementor-100\">\n\t\t\t\t\t\t<section class=\"elementor-section elementor-top-section elementor-element elementor-element-bcd9bd3 elementor-section-boxed elementor-section-height-default elementor-section-height-default parallax_section_no qode_elementor_container_no\" data-id=\"bcd9bd3\" data-element_type=\"section\">\n\t\t\t\t\t\t<div class=\"elementor-container elementor-column-gap-default\">\n\t\t\t\t\t<div class=\"elementor-column elementor-col-100 elementor-top-column elementor-element elementor-element-3d58354e\" data-id=\"3d58354e\" data-element_type=\"column\">\n\t\t\t<div class=\"elementor-widget-wrap elementor-element-populated\">\n\t\t\t\t\t\t<div class=\"elementor-element elementor-element-47ff2fb0 elementor-widget elementor-widget-text-editor\" data-id=\"47ff2fb0\" data-element_type=\"widget\" data-widget_type=\"text-editor.default\">\n\t\t\t\t<div class=\"elementor-widget-container\">\n\t\t\t\t\t\t\t<!-- wp:paragraph {\"fontSize\":\"medium\"} -->\n<p class=\"has-medium-font-size\" style=\"text-align: justify;\"><strong>GRUMBULLIMI I NDAR\u00cb I MBETJEVE T\u00cb RICIKLUESHME<\/strong><\/p>\n<!-- \/wp:paragraph --><!-- wp:html -->\n<p style=\"text-align: justify;\">\u00a0<\/p>\n<!-- \/wp:html --><!-- wp:paragraph -->\n<p style=\"text-align: justify;\">Grumbullimi i ve\u00e7ant\u00eb i \u00e7do fraksioni t\u00eb mbeturinave do t\u00eb thot\u00eb nj\u00eb ndryshim n\u00eb sjelljen e qytetar\u00ebve. P\u00ebrvojat n\u00eb vendet e tjera kan\u00eb treguar se \u00ebsht\u00eb nj\u00eb proces afatgjat\u00eb. Prandaj, me nj\u00eb projekt pilot, ne do t\u00eb testojm\u00eb organizimin dhe ekzekutimin e koleksionit t\u00eb ve\u00e7ant\u00eb n\u00eb m\u00ebnyr\u00eb q\u00eb t\u00eb zbulojm\u00eb sistemin m\u00eb t\u00eb p\u00ebrshtatsh\u00ebm p\u00ebr rajonin ton\u00eb.<\/p>\n<p>\u00a0<\/p>\n<!-- \/wp:paragraph --><!-- wp:paragraph -->\n<p style=\"text-align: justify;\">Ju mund t\u00eb ndihmoni q\u00eb piloti t\u00eb b\u00ebhet i suksessh\u00ebm duke ndar\u00eb mbetjet organike nga mbeturinat e tjera si\u00e7 duhet si\u00e7 tregohet n\u00eb figur\u00eb &#8211; mos hezitoni t\u00eb na kontaktoni, n\u00eb rast pyetjesh.<\/p>\n<p>\u00a0<\/p>\n<!-- \/wp:paragraph --><!-- wp:paragraph -->\n<p style=\"text-align: justify;\">Mbetjet organike t\u00eb p\u00ebrshtatshme p\u00ebr kompostim:<\/p>\n<!-- \/wp:paragraph --><!-- wp:image {\"align\":\"center\",\"id\":824,\"width\":485,\"height\":318,\"sizeSlug\":\"large\",\"linkDestination\":\"none\"} -->\n<div class=\"wp-block-image\" style=\"text-align: justify;\">\n<figure class=\"aligncenter size-large is-resized\"><img fetchpriority=\"high\" decoding=\"async\" class=\"wp-image-824\" src=\"https:\/\/i0.wp.com\/mimvlora.al\/wp-content\/uploads\/2021\/02\/organic-waste-3.png?resize=485%2C318&#038;ssl=1\" alt=\"\" width=\"485\" height=\"318\" data-recalc-dims=\"1\" srcset=\"https:\/\/i0.wp.com\/mimvlora.al\/wp-content\/uploads\/2021\/02\/organic-waste-3.png?w=647&amp;ssl=1 647w, https:\/\/i0.wp.com\/mimvlora.al\/wp-content\/uploads\/2021\/02\/organic-waste-3.png?resize=300%2C197&amp;ssl=1 300w\" sizes=\"(max-width: 485px) 100vw, 485px\" \/><\/figure>\n<\/div>\n<!-- \/wp:image --><!-- wp:paragraph -->\n<p style=\"text-align: center;\">Figura 1 Mbetjet organike t\u00eb p\u00ebrshtatshme dhe jo t\u00eb p\u00ebrshtatshme p\u00ebr grumbullim dhe kompostim t\u00eb ve\u00e7ant\u00eb.<\/p>\n<p>\u00a0<\/p>\n<!-- \/wp:paragraph --><!-- wp:paragraph -->\n<p style=\"text-align: justify;\">Bioplastik: Gjithnj\u00eb e m\u00eb shum\u00eb material plastik i bazuar n\u00eb bio \u00ebsht\u00eb zhvilluar. Teorikisht, shumica e tyre mund t\u00eb kompostohen pasi ato jan\u00eb t\u00eb p\u00ebrb\u00ebra nga material organik, p\u00ebrve\u00e7 baz\u00ebs s\u00eb naft\u00ebs. Sidoqoft\u00eb, n\u00eb praktik\u00eb, materiali duhet t\u00eb jet\u00eb i q\u00ebndruesh\u00ebm p\u00ebr tu dekompozuar n\u00eb nj\u00eb koh\u00eb t\u00eb arsyeshme. Ende nuk \u00ebsht\u00eb e k\u00ebshillueshme q\u00eb t\u00eb hidhni ato materiale me mbeturinat tuaja organike &#8211; gjithashtu jo p\u00ebr kompostimin n\u00eb sht\u00ebpi. Tani p\u00ebr tani, materiali plastik i bazuar n\u00eb bio do t\u00eb hidhet si mbetje e p\u00ebrgjithshme.<\/p>\n<p>\u00a0<\/p>\n<p>\u00a0<\/p>\n<!-- \/wp:paragraph -->\t\t\t\t\t\t<\/div>\n\t\t\t\t<\/div>\n\t\t\t\t\t<\/div>\n\t\t<\/div>\n\t\t\t\t\t<\/div>\n\t\t<\/section>\n\t\t\t\t<\/div>\n\t\t","protected":false},"excerpt":{"rendered":"<p>GRUMBULLIMI I NDAR\u00cb I MBETJEVE T\u00cb RICIKLUESHME \u00a0 Grumbullimi i ve\u00e7ant\u00eb i \u00e7do fraksioni t\u00eb mbeturinave do t\u00eb thot\u00eb nj\u00eb ndryshim n\u00eb sjelljen e qytetar\u00ebve. P\u00ebrvojat n\u00eb vendet e tjera kan\u00eb treguar se \u00ebsht\u00eb nj\u00eb proces afatgjat\u00eb. Prandaj, me nj\u00eb projekt pilot, ne do t\u00eb&#8230;<\/p>\n","protected":false},"author":1,"featured_media":0,"parent":0,"menu_order":0,"comment_status":"closed","ping_status":"closed","template":"","meta":{"nf_dc_page":"","footnotes":""},"yoast_head":"<!-- This site is optimized with the Yoast SEO plugin v22.1 - https:\/\/yoast.com\/wordpress\/plugins\/seo\/ -->\n<title>Grumbullimi i Ndar\u00eb i Mbetjeve t\u00eb Riciklueshme - Menaxhimi i Integruar i Mbetjeve<\/title>\n<meta name=\"robots\" content=\"index, follow, max-snippet:-1, max-image-preview:large, max-video-preview:-1\" \/>\n<link rel=\"canonical\" href=\"https:\/\/mimvlora.al\/?page_id=100\" \/>\n<meta property=\"og:locale\" content=\"en_US\" \/>\n<meta property=\"og:type\" content=\"article\" \/>\n<meta property=\"og:title\" content=\"Grumbullimi i Ndar\u00eb i Mbetjeve t\u00eb Riciklueshme - Menaxhimi i Integruar i Mbetjeve\" \/>\n<meta property=\"og:description\" content=\"GRUMBULLIMI I NDAR\u00cb I MBETJEVE T\u00cb RICIKLUESHME \u00a0 Grumbullimi i ve\u00e7ant\u00eb i \u00e7do fraksioni t\u00eb mbeturinave do t\u00eb thot\u00eb nj\u00eb ndryshim n\u00eb sjelljen e qytetar\u00ebve. P\u00ebrvojat n\u00eb vendet e tjera kan\u00eb treguar se \u00ebsht\u00eb nj\u00eb proces afatgjat\u00eb. Prandaj, me nj\u00eb projekt pilot, ne do t\u00eb...\" \/>\n<meta property=\"og:url\" content=\"https:\/\/mimvlora.al\/?page_id=100\" \/>\n<meta property=\"og:site_name\" content=\"Menaxhimi i Integruar i Mbetjeve\" \/>\n<meta property=\"article:publisher\" content=\"https:\/\/www.facebook.com\/Nd%c3%abrmarrja-e-Menaxhimit-t%c3%ab-Integruar-t%c3%ab-Mbetjeve-108024937783375\" \/>\n<meta property=\"article:modified_time\" content=\"2021-02-09T16:17:30+00:00\" \/>\n<meta property=\"og:image\" content=\"https:\/\/mimvlora.al\/wp-content\/uploads\/2021\/02\/organic-waste-3.png\" \/>\n<meta name=\"twitter:card\" content=\"summary_large_image\" \/>\n<meta name=\"twitter:label1\" content=\"Est. reading time\" \/>\n\t<meta name=\"twitter:data1\" content=\"2 minutes\" \/>\n<script type=\"application\/ld+json\" class=\"yoast-schema-graph\">{\"@context\":\"https:\/\/schema.org\",\"@graph\":[{\"@type\":\"WebPage\",\"@id\":\"https:\/\/mimvlora.al\/?page_id=100\",\"url\":\"https:\/\/mimvlora.al\/?page_id=100\",\"name\":\"Grumbullimi i Ndar\u00eb i Mbetjeve t\u00eb Riciklueshme - Menaxhimi i Integruar i Mbetjeve\",\"isPartOf\":{\"@id\":\"https:\/\/mimvlora.al\/#website\"},\"datePublished\":\"2021-01-09T22:24:22+00:00\",\"dateModified\":\"2021-02-09T16:17:30+00:00\",\"breadcrumb\":{\"@id\":\"https:\/\/mimvlora.al\/?page_id=100#breadcrumb\"},\"inLanguage\":\"en-US\",\"potentialAction\":[{\"@type\":\"ReadAction\",\"target\":[\"https:\/\/mimvlora.al\/?page_id=100\"]}]},{\"@type\":\"BreadcrumbList\",\"@id\":\"https:\/\/mimvlora.al\/?page_id=100#breadcrumb\",\"itemListElement\":[{\"@type\":\"ListItem\",\"position\":1,\"name\":\"Home\",\"item\":\"http:\/\/mimvlora.al\/\"},{\"@type\":\"ListItem\",\"position\":2,\"name\":\"Grumbullimi i Ndar\u00eb i Mbetjeve t\u00eb Riciklueshme\"}]},{\"@type\":\"WebSite\",\"@id\":\"https:\/\/mimvlora.al\/#website\",\"url\":\"https:\/\/mimvlora.al\/\",\"name\":\"Menaxhimi i Integruar i Mbetjeve\",\"description\":\"\",\"publisher\":{\"@id\":\"https:\/\/mimvlora.al\/#organization\"},\"potentialAction\":[{\"@type\":\"SearchAction\",\"target\":{\"@type\":\"EntryPoint\",\"urlTemplate\":\"https:\/\/mimvlora.al\/?s={search_term_string}\"},\"query-input\":\"required name=search_term_string\"}],\"inLanguage\":\"en-US\"},{\"@type\":\"Organization\",\"@id\":\"https:\/\/mimvlora.al\/#organization\",\"name\":\"MIM Vlora\",\"url\":\"https:\/\/mimvlora.al\/\",\"logo\":{\"@type\":\"ImageObject\",\"inLanguage\":\"en-US\",\"@id\":\"https:\/\/mimvlora.al\/#\/schema\/logo\/image\/\",\"url\":\"https:\/\/i1.wp.com\/mimvlora.al\/wp-content\/uploads\/2021\/01\/logo-1.png?fit=500%2C500&ssl=1\",\"contentUrl\":\"https:\/\/i1.wp.com\/mimvlora.al\/wp-content\/uploads\/2021\/01\/logo-1.png?fit=500%2C500&ssl=1\",\"width\":500,\"height\":500,\"caption\":\"MIM Vlora\"},\"image\":{\"@id\":\"https:\/\/mimvlora.al\/#\/schema\/logo\/image\/\"},\"sameAs\":[\"https:\/\/www.facebook.com\/Nd\u00ebrmarrja-e-Menaxhimit-t\u00eb-Integruar-t\u00eb-Mbetjeve-108024937783375\"]}]}<\/script>\n<!-- \/ Yoast SEO plugin. -->","yoast_head_json":{"title":"Grumbullimi i Ndar\u00eb i Mbetjeve t\u00eb Riciklueshme - Menaxhimi i Integruar i Mbetjeve","robots":{"index":"index","follow":"follow","max-snippet":"max-snippet:-1","max-image-preview":"max-image-preview:large","max-video-preview":"max-video-preview:-1"},"canonical":"https:\/\/mimvlora.al\/?page_id=100","og_locale":"en_US","og_type":"article","og_title":"Grumbullimi i Ndar\u00eb i Mbetjeve t\u00eb Riciklueshme - Menaxhimi i Integruar i Mbetjeve","og_description":"GRUMBULLIMI I NDAR\u00cb I MBETJEVE T\u00cb RICIKLUESHME \u00a0 Grumbullimi i ve\u00e7ant\u00eb i \u00e7do fraksioni t\u00eb mbeturinave do t\u00eb thot\u00eb nj\u00eb ndryshim n\u00eb sjelljen e qytetar\u00ebve. P\u00ebrvojat n\u00eb vendet e tjera kan\u00eb treguar se \u00ebsht\u00eb nj\u00eb proces afatgjat\u00eb. Prandaj, me nj\u00eb projekt pilot, ne do t\u00eb...","og_url":"https:\/\/mimvlora.al\/?page_id=100","og_site_name":"Menaxhimi i Integruar i Mbetjeve","article_publisher":"https:\/\/www.facebook.com\/Nd%c3%abrmarrja-e-Menaxhimit-t%c3%ab-Integruar-t%c3%ab-Mbetjeve-108024937783375","article_modified_time":"2021-02-09T16:17:30+00:00","og_image":[{"url":"https:\/\/mimvlora.al\/wp-content\/uploads\/2021\/02\/organic-waste-3.png"}],"twitter_card":"summary_large_image","twitter_misc":{"Est. reading time":"2 minutes"},"schema":{"@context":"https:\/\/schema.org","@graph":[{"@type":"WebPage","@id":"https:\/\/mimvlora.al\/?page_id=100","url":"https:\/\/mimvlora.al\/?page_id=100","name":"Grumbullimi i Ndar\u00eb i Mbetjeve t\u00eb Riciklueshme - Menaxhimi i Integruar i Mbetjeve","isPartOf":{"@id":"https:\/\/mimvlora.al\/#website"},"datePublished":"2021-01-09T22:24:22+00:00","dateModified":"2021-02-09T16:17:30+00:00","breadcrumb":{"@id":"https:\/\/mimvlora.al\/?page_id=100#breadcrumb"},"inLanguage":"en-US","potentialAction":[{"@type":"ReadAction","target":["https:\/\/mimvlora.al\/?page_id=100"]}]},{"@type":"BreadcrumbList","@id":"https:\/\/mimvlora.al\/?page_id=100#breadcrumb","itemListElement":[{"@type":"ListItem","position":1,"name":"Home","item":"http:\/\/mimvlora.al\/"},{"@type":"ListItem","position":2,"name":"Grumbullimi i Ndar\u00eb i Mbetjeve t\u00eb Riciklueshme"}]},{"@type":"WebSite","@id":"https:\/\/mimvlora.al\/#website","url":"https:\/\/mimvlora.al\/","name":"Menaxhimi i Integruar i Mbetjeve","description":"","publisher":{"@id":"https:\/\/mimvlora.al\/#organization"},"potentialAction":[{"@type":"SearchAction","target":{"@type":"EntryPoint","urlTemplate":"https:\/\/mimvlora.al\/?s={search_term_string}"},"query-input":"required name=search_term_string"}],"inLanguage":"en-US"},{"@type":"Organization","@id":"https:\/\/mimvlora.al\/#organization","name":"MIM Vlora","url":"https:\/\/mimvlora.al\/","logo":{"@type":"ImageObject","inLanguage":"en-US","@id":"https:\/\/mimvlora.al\/#\/schema\/logo\/image\/","url":"https:\/\/i1.wp.com\/mimvlora.al\/wp-content\/uploads\/2021\/01\/logo-1.png?fit=500%2C500&ssl=1","contentUrl":"https:\/\/i1.wp.com\/mimvlora.al\/wp-content\/uploads\/2021\/01\/logo-1.png?fit=500%2C500&ssl=1","width":500,"height":500,"caption":"MIM Vlora"},"image":{"@id":"https:\/\/mimvlora.al\/#\/schema\/logo\/image\/"},"sameAs":["https:\/\/www.facebook.com\/Nd\u00ebrmarrja-e-Menaxhimit-t\u00eb-Integruar-t\u00eb-Mbetjeve-108024937783375"]}]}},"jetpack_sharing_enabled":true,"_links":{"self":[{"href":"https:\/\/mimvlora.al\/index.php?rest_route=\/wp\/v2\/pages\/100"}],"collection":[{"href":"https:\/\/mimvlora.al\/index.php?rest_route=\/wp\/v2\/pages"}],"about":[{"href":"https:\/\/mimvlora.al\/index.php?rest_route=\/wp\/v2\/types\/page"}],"author":[{"embeddable":true,"href":"https:\/\/mimvlora.al\/index.php?rest_route=\/wp\/v2\/users\/1"}],"replies":[{"embeddable":true,"href":"https:\/\/mimvlora.al\/index.php?rest_route=%2Fwp%2Fv2%2Fcomments&post=100"}],"version-history":[{"count":5,"href":"https:\/\/mimvlora.al\/index.php?rest_route=\/wp\/v2\/pages\/100\/revisions"}],"predecessor-version":[{"id":986,"href":"https:\/\/mimvlora.al\/index.php?rest_route=\/wp\/v2\/pages\/100\/revisions\/986"}],"wp:attachment":[{"href":"https:\/\/mimvlora.al\/index.php?rest_route=%2Fwp%2Fv2%2Fmedia&parent=100"}],"curies":[{"name":"wp","href":"https:\/\/api.w.org\/{rel}","templated":true}]}}