{"id":149,"date":"2021-01-12T10:21:58","date_gmt":"2021-01-12T10:21:58","guid":{"rendered":"https:\/\/mimvlora.al\/?page_id=149"},"modified":"2021-02-09T15:47:08","modified_gmt":"2021-02-09T15:47:08","slug":"service-area","status":"publish","type":"page","link":"https:\/\/mimvlora.al\/?page_id=149&lang=en","title":{"rendered":"Service Area"},"content":{"rendered":"\n<p>The territory of Albania has been divided into 10 waste zones of which one is demarcated as the Waste Zone Vlor\u00eb North covering the two municipalities with 11 local administrative units of Vlor\u00eb and Selenic\u00eb (see below).<\/p>\n\n\n\n<ul><li>Population living in the service area accounts for about 163,000 inhabitants of which about 140,000 living in Vlor\u00eb Municipality and 23,000 in Selenic\u00eb Municipality.<\/li><li>The current waste generation is estimated at about 52,000 t\/a of which 48,500 t\/a originate form Vlor\u00eb Municipality and 3,500 t\/a from Selenic\u00eb Municipality.<\/li><li>The actual waste collected accounts for about 41,200 t\/a (Vlor\u00eb Municipality: 39,350 t\/a, Selenic\u00eb Municipality 1,760 t\/a) thus reaching an overall service coverage of 79% (Vlor\u00eb Municipality: 81%; Selenic\u00eb Municipality: 50%).<\/li><\/ul>\n\n\n\n<div class=\"wp-block-image\"><figure class=\"aligncenter size-large\"><img fetchpriority=\"high\" decoding=\"async\" width=\"832\" height=\"764\" src=\"https:\/\/i0.wp.com\/mimvlora.al\/wp-content\/uploads\/2021\/02\/mapt.png?resize=832%2C764&#038;ssl=1\" alt=\"\" class=\"wp-image-956\" srcset=\"https:\/\/i0.wp.com\/mimvlora.al\/wp-content\/uploads\/2021\/02\/mapt.png?w=832&amp;ssl=1 832w, https:\/\/i0.wp.com\/mimvlora.al\/wp-content\/uploads\/2021\/02\/mapt.png?resize=300%2C275&amp;ssl=1 300w, https:\/\/i0.wp.com\/mimvlora.al\/wp-content\/uploads\/2021\/02\/mapt.png?resize=768%2C705&amp;ssl=1 768w, https:\/\/i0.wp.com\/mimvlora.al\/wp-content\/uploads\/2021\/02\/mapt.png?resize=700%2C643&amp;ssl=1 700w\" sizes=\"(max-width: 832px) 100vw, 832px\" data-recalc-dims=\"1\" \/><\/figure><\/div>\n","protected":false},"excerpt":{"rendered":"<p>The territory of Albania has been divided into 10 waste zones of which one is demarcated as the Waste Zone Vlor\u00eb North covering the two municipalities with 11 local administrative units of Vlor\u00eb and Selenic\u00eb (see below). Population living in the service area accounts for&#8230;<\/p>\n","protected":false},"author":1,"featured_media":0,"parent":0,"menu_order":0,"comment_status":"closed","ping_status":"closed","template":"","meta":{"nf_dc_page":"","footnotes":""},"yoast_head":"<!-- This site is optimized with the Yoast SEO plugin v22.1 - https:\/\/yoast.com\/wordpress\/plugins\/seo\/ -->\n<title>Service Area - Menaxhimi i Integruar i Mbetjeve<\/title>\n<meta name=\"robots\" content=\"index, follow, max-snippet:-1, max-image-preview:large, max-video-preview:-1\" \/>\n<link rel=\"canonical\" href=\"https:\/\/mimvlora.al\/?page_id=149&lang=en\" \/>\n<meta property=\"og:locale\" content=\"en_US\" \/>\n<meta property=\"og:type\" content=\"article\" \/>\n<meta property=\"og:title\" content=\"Service Area - Menaxhimi i Integruar i Mbetjeve\" \/>\n<meta property=\"og:description\" content=\"The territory of Albania has been divided into 10 waste zones of which one is demarcated as the Waste Zone Vlor\u00eb North covering the two municipalities with 11 local administrative units of Vlor\u00eb and Selenic\u00eb (see below). Population living in the service area accounts for...\" \/>\n<meta property=\"og:url\" content=\"https:\/\/mimvlora.al\/?page_id=149&amp;lang=en\" \/>\n<meta property=\"og:site_name\" content=\"Menaxhimi i Integruar i Mbetjeve\" \/>\n<meta property=\"article:publisher\" content=\"https:\/\/www.facebook.com\/Nd%c3%abrmarrja-e-Menaxhimit-t%c3%ab-Integruar-t%c3%ab-Mbetjeve-108024937783375\" \/>\n<meta property=\"article:modified_time\" content=\"2021-02-09T15:47:08+00:00\" \/>\n<meta property=\"og:image\" content=\"https:\/\/mimvlora.al\/wp-content\/uploads\/2021\/02\/mapt.png\" \/>\n<meta name=\"twitter:card\" content=\"summary_large_image\" \/>\n<meta name=\"twitter:label1\" content=\"Est. reading time\" \/>\n\t<meta name=\"twitter:data1\" content=\"1 minute\" \/>\n<script type=\"application\/ld+json\" class=\"yoast-schema-graph\">{\"@context\":\"https:\/\/schema.org\",\"@graph\":[{\"@type\":\"WebPage\",\"@id\":\"https:\/\/mimvlora.al\/?page_id=149&lang=en\",\"url\":\"https:\/\/mimvlora.al\/?page_id=149&lang=en\",\"name\":\"Service Area - Menaxhimi i Integruar i Mbetjeve\",\"isPartOf\":{\"@id\":\"https:\/\/mimvlora.al\/#website\"},\"datePublished\":\"2021-01-12T10:21:58+00:00\",\"dateModified\":\"2021-02-09T15:47:08+00:00\",\"breadcrumb\":{\"@id\":\"https:\/\/mimvlora.al\/?page_id=149&lang=en#breadcrumb\"},\"inLanguage\":\"en-US\",\"potentialAction\":[{\"@type\":\"ReadAction\",\"target\":[\"https:\/\/mimvlora.al\/?page_id=149&lang=en\"]}]},{\"@type\":\"BreadcrumbList\",\"@id\":\"https:\/\/mimvlora.al\/?page_id=149&lang=en#breadcrumb\",\"itemListElement\":[{\"@type\":\"ListItem\",\"position\":1,\"name\":\"Home\",\"item\":\"http:\/\/mimvlora.al\/\"},{\"@type\":\"ListItem\",\"position\":2,\"name\":\"Service Area\"}]},{\"@type\":\"WebSite\",\"@id\":\"https:\/\/mimvlora.al\/#website\",\"url\":\"https:\/\/mimvlora.al\/\",\"name\":\"Menaxhimi i Integruar i Mbetjeve\",\"description\":\"\",\"publisher\":{\"@id\":\"https:\/\/mimvlora.al\/#organization\"},\"potentialAction\":[{\"@type\":\"SearchAction\",\"target\":{\"@type\":\"EntryPoint\",\"urlTemplate\":\"https:\/\/mimvlora.al\/?s={search_term_string}\"},\"query-input\":\"required name=search_term_string\"}],\"inLanguage\":\"en-US\"},{\"@type\":\"Organization\",\"@id\":\"https:\/\/mimvlora.al\/#organization\",\"name\":\"MIM Vlora\",\"url\":\"https:\/\/mimvlora.al\/\",\"logo\":{\"@type\":\"ImageObject\",\"inLanguage\":\"en-US\",\"@id\":\"https:\/\/mimvlora.al\/#\/schema\/logo\/image\/\",\"url\":\"https:\/\/i1.wp.com\/mimvlora.al\/wp-content\/uploads\/2021\/01\/logo-1.png?fit=500%2C500&ssl=1\",\"contentUrl\":\"https:\/\/i1.wp.com\/mimvlora.al\/wp-content\/uploads\/2021\/01\/logo-1.png?fit=500%2C500&ssl=1\",\"width\":500,\"height\":500,\"caption\":\"MIM Vlora\"},\"image\":{\"@id\":\"https:\/\/mimvlora.al\/#\/schema\/logo\/image\/\"},\"sameAs\":[\"https:\/\/www.facebook.com\/Nd\u00ebrmarrja-e-Menaxhimit-t\u00eb-Integruar-t\u00eb-Mbetjeve-108024937783375\"]}]}<\/script>\n<!-- \/ Yoast SEO plugin. -->","yoast_head_json":{"title":"Service Area - Menaxhimi i Integruar i Mbetjeve","robots":{"index":"index","follow":"follow","max-snippet":"max-snippet:-1","max-image-preview":"max-image-preview:large","max-video-preview":"max-video-preview:-1"},"canonical":"https:\/\/mimvlora.al\/?page_id=149&lang=en","og_locale":"en_US","og_type":"article","og_title":"Service Area - Menaxhimi i Integruar i Mbetjeve","og_description":"The territory of Albania has been divided into 10 waste zones of which one is demarcated as the Waste Zone Vlor\u00eb North covering the two municipalities with 11 local administrative units of Vlor\u00eb and Selenic\u00eb (see below). Population living in the service area accounts for...","og_url":"https:\/\/mimvlora.al\/?page_id=149&lang=en","og_site_name":"Menaxhimi i Integruar i Mbetjeve","article_publisher":"https:\/\/www.facebook.com\/Nd%c3%abrmarrja-e-Menaxhimit-t%c3%ab-Integruar-t%c3%ab-Mbetjeve-108024937783375","article_modified_time":"2021-02-09T15:47:08+00:00","og_image":[{"url":"https:\/\/mimvlora.al\/wp-content\/uploads\/2021\/02\/mapt.png"}],"twitter_card":"summary_large_image","twitter_misc":{"Est. reading time":"1 minute"},"schema":{"@context":"https:\/\/schema.org","@graph":[{"@type":"WebPage","@id":"https:\/\/mimvlora.al\/?page_id=149&lang=en","url":"https:\/\/mimvlora.al\/?page_id=149&lang=en","name":"Service Area - Menaxhimi i Integruar i Mbetjeve","isPartOf":{"@id":"https:\/\/mimvlora.al\/#website"},"datePublished":"2021-01-12T10:21:58+00:00","dateModified":"2021-02-09T15:47:08+00:00","breadcrumb":{"@id":"https:\/\/mimvlora.al\/?page_id=149&lang=en#breadcrumb"},"inLanguage":"en-US","potentialAction":[{"@type":"ReadAction","target":["https:\/\/mimvlora.al\/?page_id=149&lang=en"]}]},{"@type":"BreadcrumbList","@id":"https:\/\/mimvlora.al\/?page_id=149&lang=en#breadcrumb","itemListElement":[{"@type":"ListItem","position":1,"name":"Home","item":"http:\/\/mimvlora.al\/"},{"@type":"ListItem","position":2,"name":"Service Area"}]},{"@type":"WebSite","@id":"https:\/\/mimvlora.al\/#website","url":"https:\/\/mimvlora.al\/","name":"Menaxhimi i Integruar i Mbetjeve","description":"","publisher":{"@id":"https:\/\/mimvlora.al\/#organization"},"potentialAction":[{"@type":"SearchAction","target":{"@type":"EntryPoint","urlTemplate":"https:\/\/mimvlora.al\/?s={search_term_string}"},"query-input":"required name=search_term_string"}],"inLanguage":"en-US"},{"@type":"Organization","@id":"https:\/\/mimvlora.al\/#organization","name":"MIM Vlora","url":"https:\/\/mimvlora.al\/","logo":{"@type":"ImageObject","inLanguage":"en-US","@id":"https:\/\/mimvlora.al\/#\/schema\/logo\/image\/","url":"https:\/\/i1.wp.com\/mimvlora.al\/wp-content\/uploads\/2021\/01\/logo-1.png?fit=500%2C500&ssl=1","contentUrl":"https:\/\/i1.wp.com\/mimvlora.al\/wp-content\/uploads\/2021\/01\/logo-1.png?fit=500%2C500&ssl=1","width":500,"height":500,"caption":"MIM Vlora"},"image":{"@id":"https:\/\/mimvlora.al\/#\/schema\/logo\/image\/"},"sameAs":["https:\/\/www.facebook.com\/Nd\u00ebrmarrja-e-Menaxhimit-t\u00eb-Integruar-t\u00eb-Mbetjeve-108024937783375"]}]}},"jetpack_sharing_enabled":true,"_links":{"self":[{"href":"https:\/\/mimvlora.al\/index.php?rest_route=\/wp\/v2\/pages\/149"}],"collection":[{"href":"https:\/\/mimvlora.al\/index.php?rest_route=\/wp\/v2\/pages"}],"about":[{"href":"https:\/\/mimvlora.al\/index.php?rest_route=\/wp\/v2\/types\/page"}],"author":[{"embeddable":true,"href":"https:\/\/mimvlora.al\/index.php?rest_route=\/wp\/v2\/users\/1"}],"replies":[{"embeddable":true,"href":"https:\/\/mimvlora.al\/index.php?rest_route=%2Fwp%2Fv2%2Fcomments&post=149"}],"version-history":[{"count":5,"href":"https:\/\/mimvlora.al\/index.php?rest_route=\/wp\/v2\/pages\/149\/revisions"}],"predecessor-version":[{"id":960,"href":"https:\/\/mimvlora.al\/index.php?rest_route=\/wp\/v2\/pages\/149\/revisions\/960"}],"wp:attachment":[{"href":"https:\/\/mimvlora.al\/index.php?rest_route=%2Fwp%2Fv2%2Fmedia&parent=149"}],"curies":[{"name":"wp","href":"https:\/\/api.w.org\/{rel}","templated":true}]}}

<p>The territory of Albania has been divided into 10 waste zones of which one is demarcated as the Waste Zone Vlorë North covering the two municipalities with 11 local administrative units of Vlorë and Selenicë (see below).</p>



<ul><li>Population living in the service area accounts for about 163,000 inhabitants of which about 140,000 living in Vlorë Municipality and 23,000 in Selenicë Municipality.</li><li>The current waste generation is estimated at about 52,000 t/a of which 48,500 t/a originate form Vlorë Municipality and 3,500 t/a from Selenicë Municipality.</li><li>The actual waste collected accounts for about 41,200 t/a (Vlorë Municipality: 39,350 t/a, Selenicë Municipality 1,760 t/a) thus reaching an overall service coverage of 79% (Vlorë Municipality: 81%; Selenicë Municipality: 50%).</li></ul>



<div class="wp-block-image"><figure class="aligncenter size-large"><img fetchpriority="high" decoding="async" width="832" height="764" src="https://i0.wp.com/mimvlora.al/wp-content/uploads/2021/02/mapt.png?resize=832%2C764&#038;ssl=1" alt="" class="wp-image-956" srcset="https://i0.wp.com/mimvlora.al/wp-content/uploads/2021/02/mapt.png?w=832&amp;ssl=1 832w, https://i0.wp.com/mimvlora.al/wp-content/uploads/2021/02/mapt.png?resize=300%2C275&amp;ssl=1 300w, https://i0.wp.com/mimvlora.al/wp-content/uploads/2021/02/mapt.png?resize=768%2C705&amp;ssl=1 768w, https://i0.wp.com/mimvlora.al/wp-content/uploads/2021/02/mapt.png?resize=700%2C643&amp;ssl=1 700w" sizes="(max-width: 832px) 100vw, 832px" data-recalc-dims="1" /></figure></div>

<p>The territory of Albania has been divided into 10 waste zones of which one is demarcated as the Waste Zone Vlorë North covering the two municipalities with 11 local administrative units of Vlorë and Selenicë (see below). Population living in the service area accounts for&#8230;</p>

<!-- This site is optimized with the Yoast SEO plugin v22.1 - https://yoast.com/wordpress/plugins/seo/ -->
<title>Service Area - Menaxhimi i Integruar i Mbetjeve</title>
<meta name="robots" content="index, follow, max-snippet:-1, max-image-preview:large, max-video-preview:-1" />
<link rel="canonical" href="https://mimvlora.al/?page_id=149&lang=en" />
<meta property="og:locale" content="en_US" />
<meta property="og:type" content="article" />
<meta property="og:title" content="Service Area - Menaxhimi i Integruar i Mbetjeve" />
<meta property="og:description" content="The territory of Albania has been divided into 10 waste zones of which one is demarcated as the Waste Zone Vlorë North covering the two municipalities with 11 local administrative units of Vlorë and Selenicë (see below). Population living in the service area accounts for..." />
<meta property="og:url" content="https://mimvlora.al/?page_id=149&amp;lang=en" />
<meta property="og:site_name" content="Menaxhimi i Integruar i Mbetjeve" />
<meta property="article:publisher" content="https://www.facebook.com/Nd%c3%abrmarrja-e-Menaxhimit-t%c3%ab-Integruar-t%c3%ab-Mbetjeve-108024937783375" />
<meta property="article:modified_time" content="2021-02-09T15:47:08+00:00" />
<meta property="og:image" content="https://mimvlora.al/wp-content/uploads/2021/02/mapt.png" />
<meta name="twitter:card" content="summary_large_image" />
<meta name="twitter:label1" content="Est. reading time" />
	<meta name="twitter:data1" content="1 minute" />
<script type="application/ld+json" class="yoast-schema-graph">{"@context":"https://schema.org","@graph":[{"@type":"WebPage","@id":"https://mimvlora.al/?page_id=149&lang=en","url":"https://mimvlora.al/?page_id=149&lang=en","name":"Service Area - Menaxhimi i Integruar i Mbetjeve","isPartOf":{"@id":"https://mimvlora.al/#website"},"datePublished":"2021-01-12T10:21:58+00:00","dateModified":"2021-02-09T15:47:08+00:00","breadcrumb":{"@id":"https://mimvlora.al/?page_id=149&lang=en#breadcrumb"},"inLanguage":"en-US","potentialAction":[{"@type":"ReadAction","target":["https://mimvlora.al/?page_id=149&lang=en"]}]},{"@type":"BreadcrumbList","@id":"https://mimvlora.al/?page_id=149&lang=en#breadcrumb","itemListElement":[{"@type":"ListItem","position":1,"name":"Home","item":"http://mimvlora.al/"},{"@type":"ListItem","position":2,"name":"Service Area"}]},{"@type":"WebSite","@id":"https://mimvlora.al/#website","url":"https://mimvlora.al/","name":"Menaxhimi i Integruar i Mbetjeve","description":"","publisher":{"@id":"https://mimvlora.al/#organization"},"potentialAction":[{"@type":"SearchAction","target":{"@type":"EntryPoint","urlTemplate":"https://mimvlora.al/?s={search_term_string}"},"query-input":"required name=search_term_string"}],"inLanguage":"en-US"},{"@type":"Organization","@id":"https://mimvlora.al/#organization","name":"MIM Vlora","url":"https://mimvlora.al/","logo":{"@type":"ImageObject","inLanguage":"en-US","@id":"https://mimvlora.al/#/schema/logo/image/","url":"https://i1.wp.com/mimvlora.al/wp-content/uploads/2021/01/logo-1.png?fit=500%2C500&ssl=1","contentUrl":"https://i1.wp.com/mimvlora.al/wp-content/uploads/2021/01/logo-1.png?fit=500%2C500&ssl=1","width":500,"height":500,"caption":"MIM Vlora"},"image":{"@id":"https://mimvlora.al/#/schema/logo/image/"},"sameAs":["https://www.facebook.com/Ndërmarrja-e-Menaxhimit-të-Integruar-të-Mbetjeve-108024937783375"]}]}</script>
<!-- / Yoast SEO plugin. -->

The territory of Albania has been divided into 10 waste zones of which one is demarcated as the Waste Zone Vlorë North covering the two municipalities with 11 local administrative units of Vlorë and Selenicë (see below). Population living in the service area accounts for...

https://www.facebook.com/Ndërmarrja-e-Menaxhimit-të-Integruar-të-Mbetjeve-108024937783375
