{"id":169,"date":"2021-01-12T10:27:31","date_gmt":"2021-01-12T10:27:31","guid":{"rendered":"https:\/\/mimvlora.al\/?page_id=169"},"modified":"2021-02-09T16:31:01","modified_gmt":"2021-02-09T16:31:01","slug":"separate-collection-of-recyclables","status":"publish","type":"page","link":"https:\/\/mimvlora.al\/?page_id=169&lang=en","title":{"rendered":"Separate Collection of Recyclables"},"content":{"rendered":"\t\t<div data-elementor-type=\"wp-page\" data-elementor-id=\"169\" class=\"elementor elementor-169\">\n\t\t\t\t\t\t<section class=\"elementor-section elementor-top-section elementor-element elementor-element-20d81c0c elementor-section-boxed elementor-section-height-default elementor-section-height-default parallax_section_no qode_elementor_container_no\" data-id=\"20d81c0c\" data-element_type=\"section\">\n\t\t\t\t\t\t<div class=\"elementor-container elementor-column-gap-default\">\n\t\t\t\t\t<div class=\"elementor-column elementor-col-100 elementor-top-column elementor-element elementor-element-4a67b8a9\" data-id=\"4a67b8a9\" data-element_type=\"column\">\n\t\t\t<div class=\"elementor-widget-wrap elementor-element-populated\">\n\t\t\t\t\t\t<div class=\"elementor-element elementor-element-400128b8 elementor-widget elementor-widget-text-editor\" data-id=\"400128b8\" data-element_type=\"widget\" data-widget_type=\"text-editor.default\">\n\t\t\t\t<div class=\"elementor-widget-container\">\n\t\t\t\t\t\t\t<!-- wp:paragraph {\"fontSize\":\"medium\"} -->\n<p class=\"has-medium-font-size\" style=\"text-align: justify;\"><strong>SEPARATE COLLECTION OF RECYCLABLES<\/strong><\/p>\n<!-- \/wp:paragraph --><!-- wp:html -->\n<p style=\"text-align: justify;\">\u00a0<\/p>\n<!-- \/wp:html --><!-- wp:paragraph -->\n<p style=\"text-align: justify;\">The more segregated the recyclables are collected, the better they can be recycled into valuable products. As we are used to put everything in one waste container until now, we need to change our habits to separate the waste in our homes and businesses. The various ways of source segregation and separate collection are first tested in a pilot area in Vlor\u0451 City in cooperation with the Vlor\u0451 Municipality. Based on the experience in the pilot project, separate collection will be further developed and stepwise extended to other areas \u2013 first in the city and then in the entire Waste Zone.<\/p>\n<p style=\"text-align: justify;\">\u00a0<\/p>\n<!-- \/wp:paragraph --><!-- wp:paragraph -->\n<p style=\"text-align: justify;\">As presented in the following map, about 100 depot containers are distributed in the pilot area for the collection of various types of recyclables.<\/p>\n<!-- \/wp:paragraph --><!-- wp:paragraph -->\n<p style=\"text-align: justify;\"><em>Map to be inserted<\/em><\/p>\n<p style=\"text-align: justify;\">\u00a0<\/p>\n<!-- \/wp:paragraph --><!-- wp:paragraph -->\n<p style=\"text-align: justify;\">In the first stage, following collection scheme is applied:<\/p>\n<!-- \/wp:paragraph --><!-- wp:list -->\n<ul style=\"text-align: justify;\">\n<li style=\"list-style-type: none;\">\n<ul>\n<li style=\"list-style-type: none;\">\n<ul>\n<li>Depot containers with a large round opening: plastic and metal packaging waste<\/li>\n<li>Depot containers with a slot opening: paper and cardboard<\/li>\n<li>Depot containers with a small round opening: glass and plastic bottles<\/li>\n<\/ul>\n<\/li>\n<\/ul>\n<\/li>\n<\/ul>\n<p style=\"text-align: justify;\">\u00a0<\/p>\n<!-- \/wp:list --><!-- wp:paragraph -->\n<p style=\"text-align: justify;\">You can find the list of accepted materials in container here: Link.<\/p>\n<p style=\"text-align: justify;\">\u00a0<\/p>\n<!-- \/wp:paragraph --><!-- wp:paragraph -->\n<p style=\"text-align: justify;\">At all locations also general waste is collected, so you only need to go to one location to dispose your waste.<\/p>\n<!-- \/wp:paragraph --><!-- wp:paragraph -->\n<p style=\"text-align: justify;\">The inhabitants of our Waste Zone, especially those living in the pilot area, play an important role in the success of separate collection. Only with highly motivated residents to participate in separate collection scheme, the recycling targets can be achieved.<\/p>\n<p style=\"text-align: justify;\">\u00a0<\/p>\n<p style=\"text-align: justify;\">Therefore, we ask you to participate and pay attention to the following points:<\/p>\n<!-- \/wp:paragraph --><!-- wp:list -->\n<ul style=\"text-align: justify;\">\n<li style=\"list-style-type: none;\">\n<ul>\n<li style=\"list-style-type: none;\">\n<ul>\n<li>Put only the respective materials in each container type<\/li>\n<li>Do not put any non-recyclable waste into the recyclable containers<\/li>\n<li>Do not put any waste outside containers and keep container locations clean<\/li>\n<\/ul>\n<\/li>\n<\/ul>\n<\/li>\n<\/ul>\n<p style=\"text-align: justify;\">\u00a0<\/p>\n<!-- \/wp:list --><!-- wp:paragraph -->\n<p style=\"text-align: justify;\">We take pride in creating a clean and healthy environment for our communities, and we need your help to get this program off to a good start! In case<\/p>\n<!-- \/wp:paragraph --><!-- wp:list -->\n<ul style=\"text-align: justify;\">\n<li style=\"list-style-type: none;\">\n<ul>\n<li style=\"list-style-type: none;\">\n<ul>\n<li>You are unsure if an item is recyclable and in which container it belongs<\/li>\n<li>The containers are full and not emptied on time<\/li>\n<li>The container locations are dirty<\/li>\n<li>The containers are damaged or vandalised<\/li>\n<\/ul>\n<\/li>\n<\/ul>\n<\/li>\n<\/ul>\n<p style=\"text-align: justify;\">\u00a0<\/p>\n<!-- \/wp:list --><!-- wp:paragraph -->\n<p style=\"text-align: justify;\">Please contact the Vlor\u0451 Municipality or us: <span class=\"underline\" style=\"text-decoration: underline;\"> <a href=\"https:\/\/mimvlora.al\/?page_id=49&amp;lang=en\" data-type=\"page\" data-id=\"49\">Contact<\/a><\/span><\/p>\n<p style=\"text-align: justify;\">\u00a0<\/p>\n<p style=\"text-align: justify;\">\u00a0<\/p>\n<!-- \/wp:paragraph -->\t\t\t\t\t\t<\/div>\n\t\t\t\t<\/div>\n\t\t\t\t\t<\/div>\n\t\t<\/div>\n\t\t\t\t\t<\/div>\n\t\t<\/section>\n\t\t\t\t<\/div>\n\t\t","protected":false},"excerpt":{"rendered":"<p>SEPARATE COLLECTION OF RECYCLABLES \u00a0 The more segregated the recyclables are collected, the better they can be recycled into valuable products. As we are used to put everything in one waste container until now, we need to change our habits to separate the waste in&#8230;<\/p>\n","protected":false},"author":1,"featured_media":0,"parent":0,"menu_order":0,"comment_status":"closed","ping_status":"closed","template":"","meta":{"nf_dc_page":"","footnotes":""},"yoast_head":"<!-- This site is optimized with the Yoast SEO plugin v22.1 - https:\/\/yoast.com\/wordpress\/plugins\/seo\/ -->\n<title>Separate Collection of Recyclables - Menaxhimi i Integruar i Mbetjeve<\/title>\n<meta name=\"robots\" content=\"index, follow, max-snippet:-1, max-image-preview:large, max-video-preview:-1\" \/>\n<link rel=\"canonical\" href=\"https:\/\/mimvlora.al\/?page_id=169&lang=en\" \/>\n<meta property=\"og:locale\" content=\"en_US\" \/>\n<meta property=\"og:type\" content=\"article\" \/>\n<meta property=\"og:title\" content=\"Separate Collection of Recyclables - Menaxhimi i Integruar i Mbetjeve\" \/>\n<meta property=\"og:description\" content=\"SEPARATE COLLECTION OF RECYCLABLES \u00a0 The more segregated the recyclables are collected, the better they can be recycled into valuable products. As we are used to put everything in one waste container until now, we need to change our habits to separate the waste in...\" \/>\n<meta property=\"og:url\" content=\"https:\/\/mimvlora.al\/?page_id=169&amp;lang=en\" \/>\n<meta property=\"og:site_name\" content=\"Menaxhimi i Integruar i Mbetjeve\" \/>\n<meta property=\"article:publisher\" content=\"https:\/\/www.facebook.com\/Nd%c3%abrmarrja-e-Menaxhimit-t%c3%ab-Integruar-t%c3%ab-Mbetjeve-108024937783375\" \/>\n<meta property=\"article:modified_time\" content=\"2021-02-09T16:31:01+00:00\" \/>\n<meta name=\"twitter:card\" content=\"summary_large_image\" \/>\n<meta name=\"twitter:label1\" content=\"Est. reading time\" \/>\n\t<meta name=\"twitter:data1\" content=\"2 minutes\" \/>\n<script type=\"application\/ld+json\" class=\"yoast-schema-graph\">{\"@context\":\"https:\/\/schema.org\",\"@graph\":[{\"@type\":\"WebPage\",\"@id\":\"https:\/\/mimvlora.al\/?page_id=169&lang=en\",\"url\":\"https:\/\/mimvlora.al\/?page_id=169&lang=en\",\"name\":\"Separate Collection of Recyclables - Menaxhimi i Integruar i Mbetjeve\",\"isPartOf\":{\"@id\":\"https:\/\/mimvlora.al\/#website\"},\"datePublished\":\"2021-01-12T10:27:31+00:00\",\"dateModified\":\"2021-02-09T16:31:01+00:00\",\"breadcrumb\":{\"@id\":\"https:\/\/mimvlora.al\/?page_id=169&lang=en#breadcrumb\"},\"inLanguage\":\"en-US\",\"potentialAction\":[{\"@type\":\"ReadAction\",\"target\":[\"https:\/\/mimvlora.al\/?page_id=169&lang=en\"]}]},{\"@type\":\"BreadcrumbList\",\"@id\":\"https:\/\/mimvlora.al\/?page_id=169&lang=en#breadcrumb\",\"itemListElement\":[{\"@type\":\"ListItem\",\"position\":1,\"name\":\"Home\",\"item\":\"http:\/\/mimvlora.al\/\"},{\"@type\":\"ListItem\",\"position\":2,\"name\":\"Separate Collection of Recyclables\"}]},{\"@type\":\"WebSite\",\"@id\":\"https:\/\/mimvlora.al\/#website\",\"url\":\"https:\/\/mimvlora.al\/\",\"name\":\"Menaxhimi i Integruar i Mbetjeve\",\"description\":\"\",\"publisher\":{\"@id\":\"https:\/\/mimvlora.al\/#organization\"},\"potentialAction\":[{\"@type\":\"SearchAction\",\"target\":{\"@type\":\"EntryPoint\",\"urlTemplate\":\"https:\/\/mimvlora.al\/?s={search_term_string}\"},\"query-input\":\"required name=search_term_string\"}],\"inLanguage\":\"en-US\"},{\"@type\":\"Organization\",\"@id\":\"https:\/\/mimvlora.al\/#organization\",\"name\":\"MIM Vlora\",\"url\":\"https:\/\/mimvlora.al\/\",\"logo\":{\"@type\":\"ImageObject\",\"inLanguage\":\"en-US\",\"@id\":\"https:\/\/mimvlora.al\/#\/schema\/logo\/image\/\",\"url\":\"https:\/\/i1.wp.com\/mimvlora.al\/wp-content\/uploads\/2021\/01\/logo-1.png?fit=500%2C500&ssl=1\",\"contentUrl\":\"https:\/\/i1.wp.com\/mimvlora.al\/wp-content\/uploads\/2021\/01\/logo-1.png?fit=500%2C500&ssl=1\",\"width\":500,\"height\":500,\"caption\":\"MIM Vlora\"},\"image\":{\"@id\":\"https:\/\/mimvlora.al\/#\/schema\/logo\/image\/\"},\"sameAs\":[\"https:\/\/www.facebook.com\/Nd\u00ebrmarrja-e-Menaxhimit-t\u00eb-Integruar-t\u00eb-Mbetjeve-108024937783375\"]}]}<\/script>\n<!-- \/ Yoast SEO plugin. -->","yoast_head_json":{"title":"Separate Collection of Recyclables - Menaxhimi i Integruar i Mbetjeve","robots":{"index":"index","follow":"follow","max-snippet":"max-snippet:-1","max-image-preview":"max-image-preview:large","max-video-preview":"max-video-preview:-1"},"canonical":"https:\/\/mimvlora.al\/?page_id=169&lang=en","og_locale":"en_US","og_type":"article","og_title":"Separate Collection of Recyclables - Menaxhimi i Integruar i Mbetjeve","og_description":"SEPARATE COLLECTION OF RECYCLABLES \u00a0 The more segregated the recyclables are collected, the better they can be recycled into valuable products. As we are used to put everything in one waste container until now, we need to change our habits to separate the waste in...","og_url":"https:\/\/mimvlora.al\/?page_id=169&lang=en","og_site_name":"Menaxhimi i Integruar i Mbetjeve","article_publisher":"https:\/\/www.facebook.com\/Nd%c3%abrmarrja-e-Menaxhimit-t%c3%ab-Integruar-t%c3%ab-Mbetjeve-108024937783375","article_modified_time":"2021-02-09T16:31:01+00:00","twitter_card":"summary_large_image","twitter_misc":{"Est. reading time":"2 minutes"},"schema":{"@context":"https:\/\/schema.org","@graph":[{"@type":"WebPage","@id":"https:\/\/mimvlora.al\/?page_id=169&lang=en","url":"https:\/\/mimvlora.al\/?page_id=169&lang=en","name":"Separate Collection of Recyclables - Menaxhimi i Integruar i Mbetjeve","isPartOf":{"@id":"https:\/\/mimvlora.al\/#website"},"datePublished":"2021-01-12T10:27:31+00:00","dateModified":"2021-02-09T16:31:01+00:00","breadcrumb":{"@id":"https:\/\/mimvlora.al\/?page_id=169&lang=en#breadcrumb"},"inLanguage":"en-US","potentialAction":[{"@type":"ReadAction","target":["https:\/\/mimvlora.al\/?page_id=169&lang=en"]}]},{"@type":"BreadcrumbList","@id":"https:\/\/mimvlora.al\/?page_id=169&lang=en#breadcrumb","itemListElement":[{"@type":"ListItem","position":1,"name":"Home","item":"http:\/\/mimvlora.al\/"},{"@type":"ListItem","position":2,"name":"Separate Collection of Recyclables"}]},{"@type":"WebSite","@id":"https:\/\/mimvlora.al\/#website","url":"https:\/\/mimvlora.al\/","name":"Menaxhimi i Integruar i Mbetjeve","description":"","publisher":{"@id":"https:\/\/mimvlora.al\/#organization"},"potentialAction":[{"@type":"SearchAction","target":{"@type":"EntryPoint","urlTemplate":"https:\/\/mimvlora.al\/?s={search_term_string}"},"query-input":"required name=search_term_string"}],"inLanguage":"en-US"},{"@type":"Organization","@id":"https:\/\/mimvlora.al\/#organization","name":"MIM Vlora","url":"https:\/\/mimvlora.al\/","logo":{"@type":"ImageObject","inLanguage":"en-US","@id":"https:\/\/mimvlora.al\/#\/schema\/logo\/image\/","url":"https:\/\/i1.wp.com\/mimvlora.al\/wp-content\/uploads\/2021\/01\/logo-1.png?fit=500%2C500&ssl=1","contentUrl":"https:\/\/i1.wp.com\/mimvlora.al\/wp-content\/uploads\/2021\/01\/logo-1.png?fit=500%2C500&ssl=1","width":500,"height":500,"caption":"MIM Vlora"},"image":{"@id":"https:\/\/mimvlora.al\/#\/schema\/logo\/image\/"},"sameAs":["https:\/\/www.facebook.com\/Nd\u00ebrmarrja-e-Menaxhimit-t\u00eb-Integruar-t\u00eb-Mbetjeve-108024937783375"]}]}},"jetpack_sharing_enabled":true,"_links":{"self":[{"href":"https:\/\/mimvlora.al\/index.php?rest_route=\/wp\/v2\/pages\/169"}],"collection":[{"href":"https:\/\/mimvlora.al\/index.php?rest_route=\/wp\/v2\/pages"}],"about":[{"href":"https:\/\/mimvlora.al\/index.php?rest_route=\/wp\/v2\/types\/page"}],"author":[{"embeddable":true,"href":"https:\/\/mimvlora.al\/index.php?rest_route=\/wp\/v2\/users\/1"}],"replies":[{"embeddable":true,"href":"https:\/\/mimvlora.al\/index.php?rest_route=%2Fwp%2Fv2%2Fcomments&post=169"}],"version-history":[{"count":5,"href":"https:\/\/mimvlora.al\/index.php?rest_route=\/wp\/v2\/pages\/169\/revisions"}],"predecessor-version":[{"id":1021,"href":"https:\/\/mimvlora.al\/index.php?rest_route=\/wp\/v2\/pages\/169\/revisions\/1021"}],"wp:attachment":[{"href":"https:\/\/mimvlora.al\/index.php?rest_route=%2Fwp%2Fv2%2Fmedia&parent=169"}],"curies":[{"name":"wp","href":"https:\/\/api.w.org\/{rel}","templated":true}]}}

<div data-elementor-type="wp-page" data-elementor-id="169" class="elementor elementor-169">
						<section class="elementor-section elementor-top-section elementor-element elementor-element-20d81c0c elementor-section-boxed elementor-section-height-default elementor-section-height-default parallax_section_no qode_elementor_container_no" data-id="20d81c0c" data-element_type="section">
						<div class="elementor-container elementor-column-gap-default">
					<div class="elementor-column elementor-col-100 elementor-top-column elementor-element elementor-element-4a67b8a9" data-id="4a67b8a9" data-element_type="column">
			<div class="elementor-widget-wrap elementor-element-populated">
						<div class="elementor-element elementor-element-400128b8 elementor-widget elementor-widget-text-editor" data-id="400128b8" data-element_type="widget" data-widget_type="text-editor.default">
				<div class="elementor-widget-container">
							<!-- wp:paragraph {"fontSize":"medium"} -->
<p class="has-medium-font-size" style="text-align: justify;"><strong>SEPARATE COLLECTION OF RECYCLABLES</strong></p>
<!-- /wp:paragraph --><!-- wp:html -->
<p style="text-align: justify;"> </p>
<!-- /wp:html --><!-- wp:paragraph -->
<p style="text-align: justify;">The more segregated the recyclables are collected, the better they can be recycled into valuable products. As we are used to put everything in one waste container until now, we need to change our habits to separate the waste in our homes and businesses. The various ways of source segregation and separate collection are first tested in a pilot area in Vlorё City in cooperation with the Vlorё Municipality. Based on the experience in the pilot project, separate collection will be further developed and stepwise extended to other areas – first in the city and then in the entire Waste Zone.</p>
<p style="text-align: justify;"> </p>
<!-- /wp:paragraph --><!-- wp:paragraph -->
<p style="text-align: justify;">As presented in the following map, about 100 depot containers are distributed in the pilot area for the collection of various types of recyclables.</p>
<!-- /wp:paragraph --><!-- wp:paragraph -->
<p style="text-align: justify;"><em>Map to be inserted</em></p>
<p style="text-align: justify;"> </p>
<!-- /wp:paragraph --><!-- wp:paragraph -->
<p style="text-align: justify;">In the first stage, following collection scheme is applied:</p>
<!-- /wp:paragraph --><!-- wp:list -->
<ul style="text-align: justify;">
<li style="list-style-type: none;">
<ul>
<li style="list-style-type: none;">
<ul>
<li>Depot containers with a large round opening: plastic and metal packaging waste</li>
<li>Depot containers with a slot opening: paper and cardboard</li>
<li>Depot containers with a small round opening: glass and plastic bottles</li>
</ul>
</li>
</ul>
</li>
</ul>
<p style="text-align: justify;"> </p>
<!-- /wp:list --><!-- wp:paragraph -->
<p style="text-align: justify;">You can find the list of accepted materials in container here: Link.</p>
<p style="text-align: justify;"> </p>
<!-- /wp:paragraph --><!-- wp:paragraph -->
<p style="text-align: justify;">At all locations also general waste is collected, so you only need to go to one location to dispose your waste.</p>
<!-- /wp:paragraph --><!-- wp:paragraph -->
<p style="text-align: justify;">The inhabitants of our Waste Zone, especially those living in the pilot area, play an important role in the success of separate collection. Only with highly motivated residents to participate in separate collection scheme, the recycling targets can be achieved.</p>
<p style="text-align: justify;"> </p>
<p style="text-align: justify;">Therefore, we ask you to participate and pay attention to the following points:</p>
<!-- /wp:paragraph --><!-- wp:list -->
<ul style="text-align: justify;">
<li style="list-style-type: none;">
<ul>
<li style="list-style-type: none;">
<ul>
<li>Put only the respective materials in each container type</li>
<li>Do not put any non-recyclable waste into the recyclable containers</li>
<li>Do not put any waste outside containers and keep container locations clean</li>
</ul>
</li>
</ul>
</li>
</ul>
<p style="text-align: justify;"> </p>
<!-- /wp:list --><!-- wp:paragraph -->
<p style="text-align: justify;">We take pride in creating a clean and healthy environment for our communities, and we need your help to get this program off to a good start! In case</p>
<!-- /wp:paragraph --><!-- wp:list -->
<ul style="text-align: justify;">
<li style="list-style-type: none;">
<ul>
<li style="list-style-type: none;">
<ul>
<li>You are unsure if an item is recyclable and in which container it belongs</li>
<li>The containers are full and not emptied on time</li>
<li>The container locations are dirty</li>
<li>The containers are damaged or vandalised</li>
</ul>
</li>
</ul>
</li>
</ul>
<p style="text-align: justify;"> </p>
<!-- /wp:list --><!-- wp:paragraph -->
<p style="text-align: justify;">Please contact the Vlorё Municipality or us: <span class="underline" style="text-decoration: underline;"> <a href="https://mimvlora.al/?page_id=49&amp;lang=en" data-type="page" data-id="49">Contact</a></span></p>
<p style="text-align: justify;"> </p>
<p style="text-align: justify;"> </p>
<!-- /wp:paragraph -->						</div>
				</div>
					</div>
		</div>
					</div>
		</section>
				</div>

<!-- This site is optimized with the Yoast SEO plugin v22.1 - https://yoast.com/wordpress/plugins/seo/ -->
<title>Separate Collection of Recyclables - Menaxhimi i Integruar i Mbetjeve</title>
<meta name="robots" content="index, follow, max-snippet:-1, max-image-preview:large, max-video-preview:-1" />
<link rel="canonical" href="https://mimvlora.al/?page_id=169&lang=en" />
<meta property="og:locale" content="en_US" />
<meta property="og:type" content="article" />
<meta property="og:title" content="Separate Collection of Recyclables - Menaxhimi i Integruar i Mbetjeve" />
<meta property="og:description" content="SEPARATE COLLECTION OF RECYCLABLES   The more segregated the recyclables are collected, the better they can be recycled into valuable products. As we are used to put everything in one waste container until now, we need to change our habits to separate the waste in..." />
<meta property="og:url" content="https://mimvlora.al/?page_id=169&amp;lang=en" />
<meta property="og:site_name" content="Menaxhimi i Integruar i Mbetjeve" />
<meta property="article:publisher" content="https://www.facebook.com/Nd%c3%abrmarrja-e-Menaxhimit-t%c3%ab-Integruar-t%c3%ab-Mbetjeve-108024937783375" />
<meta property="article:modified_time" content="2021-02-09T16:31:01+00:00" />
<meta name="twitter:card" content="summary_large_image" />
<meta name="twitter:label1" content="Est. reading time" />
	<meta name="twitter:data1" content="2 minutes" />
<script type="application/ld+json" class="yoast-schema-graph">{"@context":"https://schema.org","@graph":[{"@type":"WebPage","@id":"https://mimvlora.al/?page_id=169&lang=en","url":"https://mimvlora.al/?page_id=169&lang=en","name":"Separate Collection of Recyclables - Menaxhimi i Integruar i Mbetjeve","isPartOf":{"@id":"https://mimvlora.al/#website"},"datePublished":"2021-01-12T10:27:31+00:00","dateModified":"2021-02-09T16:31:01+00:00","breadcrumb":{"@id":"https://mimvlora.al/?page_id=169&lang=en#breadcrumb"},"inLanguage":"en-US","potentialAction":[{"@type":"ReadAction","target":["https://mimvlora.al/?page_id=169&lang=en"]}]},{"@type":"BreadcrumbList","@id":"https://mimvlora.al/?page_id=169&lang=en#breadcrumb","itemListElement":[{"@type":"ListItem","position":1,"name":"Home","item":"http://mimvlora.al/"},{"@type":"ListItem","position":2,"name":"Separate Collection of Recyclables"}]},{"@type":"WebSite","@id":"https://mimvlora.al/#website","url":"https://mimvlora.al/","name":"Menaxhimi i Integruar i Mbetjeve","description":"","publisher":{"@id":"https://mimvlora.al/#organization"},"potentialAction":[{"@type":"SearchAction","target":{"@type":"EntryPoint","urlTemplate":"https://mimvlora.al/?s={search_term_string}"},"query-input":"required name=search_term_string"}],"inLanguage":"en-US"},{"@type":"Organization","@id":"https://mimvlora.al/#organization","name":"MIM Vlora","url":"https://mimvlora.al/","logo":{"@type":"ImageObject","inLanguage":"en-US","@id":"https://mimvlora.al/#/schema/logo/image/","url":"https://i1.wp.com/mimvlora.al/wp-content/uploads/2021/01/logo-1.png?fit=500%2C500&ssl=1","contentUrl":"https://i1.wp.com/mimvlora.al/wp-content/uploads/2021/01/logo-1.png?fit=500%2C500&ssl=1","width":500,"height":500,"caption":"MIM Vlora"},"image":{"@id":"https://mimvlora.al/#/schema/logo/image/"},"sameAs":["https://www.facebook.com/Ndërmarrja-e-Menaxhimit-të-Integruar-të-Mbetjeve-108024937783375"]}]}</script>
<!-- / Yoast SEO plugin. -->

https://www.facebook.com/Ndërmarrja-e-Menaxhimit-të-Integruar-të-Mbetjeve-108024937783375
