{"id":321,"date":"2021-01-15T16:18:07","date_gmt":"2021-01-15T16:18:07","guid":{"rendered":"https:\/\/mimvlora.al\/?page_id=321"},"modified":"2021-02-09T15:03:02","modified_gmt":"2021-02-09T15:03:02","slug":"recycling","status":"publish","type":"page","link":"https:\/\/mimvlora.al\/?page_id=321&lang=en","title":{"rendered":"Recycling"},"content":{"rendered":"\t\t<div data-elementor-type=\"wp-page\" data-elementor-id=\"321\" class=\"elementor elementor-321\">\n\t\t\t\t\t\t<section class=\"elementor-section elementor-top-section elementor-element elementor-element-62d8b1cc elementor-section-boxed elementor-section-height-default elementor-section-height-default parallax_section_no qode_elementor_container_no\" data-id=\"62d8b1cc\" data-element_type=\"section\">\n\t\t\t\t\t\t<div class=\"elementor-container elementor-column-gap-default\">\n\t\t\t\t\t<div class=\"elementor-column elementor-col-100 elementor-top-column elementor-element elementor-element-6fc6a200\" data-id=\"6fc6a200\" data-element_type=\"column\">\n\t\t\t<div class=\"elementor-widget-wrap elementor-element-populated\">\n\t\t\t\t\t\t<div class=\"elementor-element elementor-element-62a2981b elementor-widget elementor-widget-text-editor\" data-id=\"62a2981b\" data-element_type=\"widget\" data-widget_type=\"text-editor.default\">\n\t\t\t\t<div class=\"elementor-widget-container\">\n\t\t\t\t\t\t\t<p><!-- wp:image {\"align\":\"center\",\"id\":323,\"width\":797,\"height\":501,\"sizeSlug\":\"large\",\"linkDestination\":\"none\"} --><\/p>\n<div class=\"wp-block-image\">\n<figure class=\"aligncenter size-large is-resized\" style=\"text-align: justify;\"><\/figure>\n<\/div>\n<p style=\"text-align: justify;\"><!-- \/wp:image --><!-- wp:paragraph {\"align\":\"center\",\"fontSize\":\"medium\"} --><\/p>\n<p class=\"has-text-align-center has-medium-font-size\" style=\"padding-left: 40px; text-align: center;\"><span style=\"font-size: 14pt;\"><strong>We protect natural resources<\/strong><\/span><\/p>\n<p style=\"text-align: justify;\"><span style=\"font-size: 14pt;\"><!-- \/wp:paragraph --><!-- wp:paragraph {\"align\":\"center\",\"fontSize\":\"medium\"} --><\/span><\/p>\n<p class=\"has-text-align-center has-medium-font-size\" style=\"padding-left: 40px; text-align: justify;\"><span style=\"font-size: 14pt;\"><strong>\u201c<\/strong>Separation and sorting of valuable materials from waste reduces waste going to the landfill, minimise the usage of natural resources and generates jobs and income in recycling industries<strong>\u201d<\/strong><\/span><\/p>\n<p style=\"text-align: justify;\"><!-- \/wp:paragraph --> <br \/><!-- wp:paragraph --><\/p>\n<p style=\"text-align: justify;\">Recycling moves waste management from linear management to circularity and more sustainability. So, what does it mean \u2013 moving from a linear to a circular economy?<\/p>\n<p style=\"text-align: justify;\">We try to explain it here:<\/p>\n<p style=\"text-align: justify;\"><img fetchpriority=\"high\" decoding=\"async\" class=\"size-full wp-image-811 aligncenter\" src=\"https:\/\/i0.wp.com\/mimvlora.al\/wp-content\/uploads\/2021\/02\/circular-economy-1.png?resize=600%2C286&#038;ssl=1\" alt=\"\" width=\"600\" height=\"286\" data-recalc-dims=\"1\" srcset=\"https:\/\/i0.wp.com\/mimvlora.al\/wp-content\/uploads\/2021\/02\/circular-economy-1.png?w=600&amp;ssl=1 600w, https:\/\/i0.wp.com\/mimvlora.al\/wp-content\/uploads\/2021\/02\/circular-economy-1.png?resize=300%2C143&amp;ssl=1 300w\" sizes=\"(max-width: 600px) 100vw, 600px\" \/><\/p>\n<p style=\"text-align: justify;\"><!-- \/wp:paragraph --><!-- wp:paragraph --><\/p>\n<p style=\"padding-left: 40px; text-align: justify;\">Linear Economy<\/p>\n<p style=\"text-align: justify;\"><!-- \/wp:paragraph --><!-- wp:paragraph --><\/p>\n<p style=\"padding-left: 80px; text-align: justify;\">A linear economy traditionally follows the &#8220;produce-use-dispose&#8221; approach. To put it simply, we take raw materials for processing into products that are thrown away after use. Apparently, this is inefficient, costly and depletes natural resources on a large scale.<\/p>\n<p>\u00a0<\/p>\n<p style=\"text-align: justify;\"><!-- \/wp:paragraph --><!-- wp:paragraph --><\/p>\n<p style=\"padding-left: 40px; text-align: justify;\">Recycling Economy<\/p>\n<p style=\"text-align: justify;\"><!-- \/wp:paragraph --><!-- wp:paragraph --><\/p>\n<p style=\"padding-left: 80px; text-align: justify;\">Only such things which are easy to collect and to recycle are recycled, whilst many other potentially recyclable materials in the waste are still disposed.<\/p>\n<p>\u00a0<\/p>\n<p style=\"text-align: justify;\"><!-- \/wp:paragraph --><!-- wp:paragraph --><\/p>\n<p style=\"padding-left: 40px; text-align: justify;\">Circular Economy<\/p>\n<p style=\"text-align: justify;\"><!-- \/wp:paragraph --><!-- wp:paragraph --><\/p>\n<p style=\"padding-left: 80px; text-align: justify;\">Ultimately, the circular economy is an approach that is more systemic and ambitious than just recycling. Here, the producers\u2019 themselves have adapted their products and packaging in such a way that these materials after use can be transformed into something of equal or even greater value. By extending the life span of products much less raw material are required, thus also reducing emissions and production cost. In addition to improved product design, advanced collection systems and recycling technologies need be introduced to increase added value in waste management.<\/p>\n<p style=\"padding-left: 80px; text-align: justify;\">\u00a0<\/p>\n<p style=\"text-align: justify;\"><!-- \/wp:paragraph --><!-- wp:paragraph --><\/p>\n<p style=\"padding-left: 40px; text-align: justify;\">Our National Integrated Waste Management Strategy in conformity with EU regulations sets ambitious targets towards the circular economy. We as operator of the regional waste management facilities, the municipalities of our Waste Zone as well as our citizens need to contribute their share to achieve these targets. Because this will protect our environment and our health and transform our cities into even more liveable cities.<\/p>\n<p style=\"text-align: justify;\"><!-- \/wp:paragraph --><!-- wp:paragraph --><\/p>\n<p style=\"padding-left: 40px; text-align: justify;\">The first step for us is the introduction of source segregation and separate collection of recyclable materials. After the separate collection of the dry recyclables, they are further sorted and processed in a material recovery facility (MRF) in Sherist\u00eb to prepare them for recycling.<\/p>\n<p style=\"padding-left: 40px; text-align: justify;\">\u00a0<\/p>\n<p><!-- \/wp:paragraph --><\/p>\t\t\t\t\t\t<\/div>\n\t\t\t\t<\/div>\n\t\t\t\t\t<\/div>\n\t\t<\/div>\n\t\t\t\t\t<\/div>\n\t\t<\/section>\n\t\t\t\t<\/div>\n\t\t","protected":false},"excerpt":{"rendered":"<p>We protect natural resources \u201cSeparation and sorting of valuable materials from waste reduces waste going to the landfill, minimise the usage of natural resources and generates jobs and income in recycling industries\u201d Recycling moves waste management from linear management to circularity and more sustainability. So,&#8230;<\/p>\n","protected":false},"author":1,"featured_media":0,"parent":0,"menu_order":0,"comment_status":"closed","ping_status":"closed","template":"","meta":{"nf_dc_page":"","footnotes":""},"yoast_head":"<!-- This site is optimized with the Yoast SEO plugin v22.1 - https:\/\/yoast.com\/wordpress\/plugins\/seo\/ -->\n<title>Recycling - Menaxhimi i Integruar i Mbetjeve<\/title>\n<meta name=\"robots\" content=\"index, follow, max-snippet:-1, max-image-preview:large, max-video-preview:-1\" \/>\n<link rel=\"canonical\" href=\"https:\/\/mimvlora.al\/?page_id=321&lang=en\" \/>\n<meta property=\"og:locale\" content=\"en_US\" \/>\n<meta property=\"og:type\" content=\"article\" \/>\n<meta property=\"og:title\" content=\"Recycling - Menaxhimi i Integruar i Mbetjeve\" \/>\n<meta property=\"og:description\" content=\"We protect natural resources \u201cSeparation and sorting of valuable materials from waste reduces waste going to the landfill, minimise the usage of natural resources and generates jobs and income in recycling industries\u201d Recycling moves waste management from linear management to circularity and more sustainability. So,...\" \/>\n<meta property=\"og:url\" content=\"https:\/\/mimvlora.al\/?page_id=321&amp;lang=en\" \/>\n<meta property=\"og:site_name\" content=\"Menaxhimi i Integruar i Mbetjeve\" \/>\n<meta property=\"article:publisher\" content=\"https:\/\/www.facebook.com\/Nd%c3%abrmarrja-e-Menaxhimit-t%c3%ab-Integruar-t%c3%ab-Mbetjeve-108024937783375\" \/>\n<meta property=\"article:modified_time\" content=\"2021-02-09T15:03:02+00:00\" \/>\n<meta property=\"og:image\" content=\"https:\/\/mimvlora.al\/wp-content\/uploads\/2021\/02\/circular-economy-1.png\" \/>\n<meta name=\"twitter:card\" content=\"summary_large_image\" \/>\n<meta name=\"twitter:label1\" content=\"Est. reading time\" \/>\n\t<meta name=\"twitter:data1\" content=\"2 minutes\" \/>\n<script type=\"application\/ld+json\" class=\"yoast-schema-graph\">{\"@context\":\"https:\/\/schema.org\",\"@graph\":[{\"@type\":\"WebPage\",\"@id\":\"https:\/\/mimvlora.al\/?page_id=321&lang=en\",\"url\":\"https:\/\/mimvlora.al\/?page_id=321&lang=en\",\"name\":\"Recycling - Menaxhimi i Integruar i Mbetjeve\",\"isPartOf\":{\"@id\":\"https:\/\/mimvlora.al\/#website\"},\"datePublished\":\"2021-01-15T16:18:07+00:00\",\"dateModified\":\"2021-02-09T15:03:02+00:00\",\"breadcrumb\":{\"@id\":\"https:\/\/mimvlora.al\/?page_id=321&lang=en#breadcrumb\"},\"inLanguage\":\"en-US\",\"potentialAction\":[{\"@type\":\"ReadAction\",\"target\":[\"https:\/\/mimvlora.al\/?page_id=321&lang=en\"]}]},{\"@type\":\"BreadcrumbList\",\"@id\":\"https:\/\/mimvlora.al\/?page_id=321&lang=en#breadcrumb\",\"itemListElement\":[{\"@type\":\"ListItem\",\"position\":1,\"name\":\"Home\",\"item\":\"http:\/\/mimvlora.al\/\"},{\"@type\":\"ListItem\",\"position\":2,\"name\":\"Recycling\"}]},{\"@type\":\"WebSite\",\"@id\":\"https:\/\/mimvlora.al\/#website\",\"url\":\"https:\/\/mimvlora.al\/\",\"name\":\"Menaxhimi i Integruar i Mbetjeve\",\"description\":\"\",\"publisher\":{\"@id\":\"https:\/\/mimvlora.al\/#organization\"},\"potentialAction\":[{\"@type\":\"SearchAction\",\"target\":{\"@type\":\"EntryPoint\",\"urlTemplate\":\"https:\/\/mimvlora.al\/?s={search_term_string}\"},\"query-input\":\"required name=search_term_string\"}],\"inLanguage\":\"en-US\"},{\"@type\":\"Organization\",\"@id\":\"https:\/\/mimvlora.al\/#organization\",\"name\":\"MIM Vlora\",\"url\":\"https:\/\/mimvlora.al\/\",\"logo\":{\"@type\":\"ImageObject\",\"inLanguage\":\"en-US\",\"@id\":\"https:\/\/mimvlora.al\/#\/schema\/logo\/image\/\",\"url\":\"https:\/\/i1.wp.com\/mimvlora.al\/wp-content\/uploads\/2021\/01\/logo-1.png?fit=500%2C500&ssl=1\",\"contentUrl\":\"https:\/\/i1.wp.com\/mimvlora.al\/wp-content\/uploads\/2021\/01\/logo-1.png?fit=500%2C500&ssl=1\",\"width\":500,\"height\":500,\"caption\":\"MIM Vlora\"},\"image\":{\"@id\":\"https:\/\/mimvlora.al\/#\/schema\/logo\/image\/\"},\"sameAs\":[\"https:\/\/www.facebook.com\/Nd\u00ebrmarrja-e-Menaxhimit-t\u00eb-Integruar-t\u00eb-Mbetjeve-108024937783375\"]}]}<\/script>\n<!-- \/ Yoast SEO plugin. -->","yoast_head_json":{"title":"Recycling - Menaxhimi i Integruar i Mbetjeve","robots":{"index":"index","follow":"follow","max-snippet":"max-snippet:-1","max-image-preview":"max-image-preview:large","max-video-preview":"max-video-preview:-1"},"canonical":"https:\/\/mimvlora.al\/?page_id=321&lang=en","og_locale":"en_US","og_type":"article","og_title":"Recycling - Menaxhimi i Integruar i Mbetjeve","og_description":"We protect natural resources \u201cSeparation and sorting of valuable materials from waste reduces waste going to the landfill, minimise the usage of natural resources and generates jobs and income in recycling industries\u201d Recycling moves waste management from linear management to circularity and more sustainability. So,...","og_url":"https:\/\/mimvlora.al\/?page_id=321&lang=en","og_site_name":"Menaxhimi i Integruar i Mbetjeve","article_publisher":"https:\/\/www.facebook.com\/Nd%c3%abrmarrja-e-Menaxhimit-t%c3%ab-Integruar-t%c3%ab-Mbetjeve-108024937783375","article_modified_time":"2021-02-09T15:03:02+00:00","og_image":[{"url":"https:\/\/mimvlora.al\/wp-content\/uploads\/2021\/02\/circular-economy-1.png"}],"twitter_card":"summary_large_image","twitter_misc":{"Est. reading time":"2 minutes"},"schema":{"@context":"https:\/\/schema.org","@graph":[{"@type":"WebPage","@id":"https:\/\/mimvlora.al\/?page_id=321&lang=en","url":"https:\/\/mimvlora.al\/?page_id=321&lang=en","name":"Recycling - Menaxhimi i Integruar i Mbetjeve","isPartOf":{"@id":"https:\/\/mimvlora.al\/#website"},"datePublished":"2021-01-15T16:18:07+00:00","dateModified":"2021-02-09T15:03:02+00:00","breadcrumb":{"@id":"https:\/\/mimvlora.al\/?page_id=321&lang=en#breadcrumb"},"inLanguage":"en-US","potentialAction":[{"@type":"ReadAction","target":["https:\/\/mimvlora.al\/?page_id=321&lang=en"]}]},{"@type":"BreadcrumbList","@id":"https:\/\/mimvlora.al\/?page_id=321&lang=en#breadcrumb","itemListElement":[{"@type":"ListItem","position":1,"name":"Home","item":"http:\/\/mimvlora.al\/"},{"@type":"ListItem","position":2,"name":"Recycling"}]},{"@type":"WebSite","@id":"https:\/\/mimvlora.al\/#website","url":"https:\/\/mimvlora.al\/","name":"Menaxhimi i Integruar i Mbetjeve","description":"","publisher":{"@id":"https:\/\/mimvlora.al\/#organization"},"potentialAction":[{"@type":"SearchAction","target":{"@type":"EntryPoint","urlTemplate":"https:\/\/mimvlora.al\/?s={search_term_string}"},"query-input":"required name=search_term_string"}],"inLanguage":"en-US"},{"@type":"Organization","@id":"https:\/\/mimvlora.al\/#organization","name":"MIM Vlora","url":"https:\/\/mimvlora.al\/","logo":{"@type":"ImageObject","inLanguage":"en-US","@id":"https:\/\/mimvlora.al\/#\/schema\/logo\/image\/","url":"https:\/\/i1.wp.com\/mimvlora.al\/wp-content\/uploads\/2021\/01\/logo-1.png?fit=500%2C500&ssl=1","contentUrl":"https:\/\/i1.wp.com\/mimvlora.al\/wp-content\/uploads\/2021\/01\/logo-1.png?fit=500%2C500&ssl=1","width":500,"height":500,"caption":"MIM Vlora"},"image":{"@id":"https:\/\/mimvlora.al\/#\/schema\/logo\/image\/"},"sameAs":["https:\/\/www.facebook.com\/Nd\u00ebrmarrja-e-Menaxhimit-t\u00eb-Integruar-t\u00eb-Mbetjeve-108024937783375"]}]}},"jetpack_sharing_enabled":true,"_links":{"self":[{"href":"https:\/\/mimvlora.al\/index.php?rest_route=\/wp\/v2\/pages\/321"}],"collection":[{"href":"https:\/\/mimvlora.al\/index.php?rest_route=\/wp\/v2\/pages"}],"about":[{"href":"https:\/\/mimvlora.al\/index.php?rest_route=\/wp\/v2\/types\/page"}],"author":[{"embeddable":true,"href":"https:\/\/mimvlora.al\/index.php?rest_route=\/wp\/v2\/users\/1"}],"replies":[{"embeddable":true,"href":"https:\/\/mimvlora.al\/index.php?rest_route=%2Fwp%2Fv2%2Fcomments&post=321"}],"version-history":[{"count":5,"href":"https:\/\/mimvlora.al\/index.php?rest_route=\/wp\/v2\/pages\/321\/revisions"}],"predecessor-version":[{"id":933,"href":"https:\/\/mimvlora.al\/index.php?rest_route=\/wp\/v2\/pages\/321\/revisions\/933"}],"wp:attachment":[{"href":"https:\/\/mimvlora.al\/index.php?rest_route=%2Fwp%2Fv2%2Fmedia&parent=321"}],"curies":[{"name":"wp","href":"https:\/\/api.w.org\/{rel}","templated":true}]}}

<div data-elementor-type="wp-page" data-elementor-id="321" class="elementor elementor-321">
						<section class="elementor-section elementor-top-section elementor-element elementor-element-62d8b1cc elementor-section-boxed elementor-section-height-default elementor-section-height-default parallax_section_no qode_elementor_container_no" data-id="62d8b1cc" data-element_type="section">
						<div class="elementor-container elementor-column-gap-default">
					<div class="elementor-column elementor-col-100 elementor-top-column elementor-element elementor-element-6fc6a200" data-id="6fc6a200" data-element_type="column">
			<div class="elementor-widget-wrap elementor-element-populated">
						<div class="elementor-element elementor-element-62a2981b elementor-widget elementor-widget-text-editor" data-id="62a2981b" data-element_type="widget" data-widget_type="text-editor.default">
				<div class="elementor-widget-container">
							<p><!-- wp:image {"align":"center","id":323,"width":797,"height":501,"sizeSlug":"large","linkDestination":"none"} --></p>
<div class="wp-block-image">
<figure class="aligncenter size-large is-resized" style="text-align: justify;"></figure>
</div>
<p style="text-align: justify;"><!-- /wp:image --><!-- wp:paragraph {"align":"center","fontSize":"medium"} --></p>
<p class="has-text-align-center has-medium-font-size" style="padding-left: 40px; text-align: center;"><span style="font-size: 14pt;"><strong>We protect natural resources</strong></span></p>
<p style="text-align: justify;"><span style="font-size: 14pt;"><!-- /wp:paragraph --><!-- wp:paragraph {"align":"center","fontSize":"medium"} --></span></p>
<p class="has-text-align-center has-medium-font-size" style="padding-left: 40px; text-align: justify;"><span style="font-size: 14pt;"><strong>“</strong>Separation and sorting of valuable materials from waste reduces waste going to the landfill, minimise the usage of natural resources and generates jobs and income in recycling industries<strong>”</strong></span></p>
<p style="text-align: justify;"><!-- /wp:paragraph --> <br /><!-- wp:paragraph --></p>
<p style="text-align: justify;">Recycling moves waste management from linear management to circularity and more sustainability. So, what does it mean – moving from a linear to a circular economy?</p>
<p style="text-align: justify;">We try to explain it here:</p>
<p style="text-align: justify;"><img fetchpriority="high" decoding="async" class="size-full wp-image-811 aligncenter" src="https://i0.wp.com/mimvlora.al/wp-content/uploads/2021/02/circular-economy-1.png?resize=600%2C286&#038;ssl=1" alt="" width="600" height="286" data-recalc-dims="1" srcset="https://i0.wp.com/mimvlora.al/wp-content/uploads/2021/02/circular-economy-1.png?w=600&amp;ssl=1 600w, https://i0.wp.com/mimvlora.al/wp-content/uploads/2021/02/circular-economy-1.png?resize=300%2C143&amp;ssl=1 300w" sizes="(max-width: 600px) 100vw, 600px" /></p>
<p style="text-align: justify;"><!-- /wp:paragraph --><!-- wp:paragraph --></p>
<p style="padding-left: 40px; text-align: justify;">Linear Economy</p>
<p style="text-align: justify;"><!-- /wp:paragraph --><!-- wp:paragraph --></p>
<p style="padding-left: 80px; text-align: justify;">A linear economy traditionally follows the &#8220;produce-use-dispose&#8221; approach. To put it simply, we take raw materials for processing into products that are thrown away after use. Apparently, this is inefficient, costly and depletes natural resources on a large scale.</p>
<p> </p>
<p style="text-align: justify;"><!-- /wp:paragraph --><!-- wp:paragraph --></p>
<p style="padding-left: 40px; text-align: justify;">Recycling Economy</p>
<p style="text-align: justify;"><!-- /wp:paragraph --><!-- wp:paragraph --></p>
<p style="padding-left: 80px; text-align: justify;">Only such things which are easy to collect and to recycle are recycled, whilst many other potentially recyclable materials in the waste are still disposed.</p>
<p> </p>
<p style="text-align: justify;"><!-- /wp:paragraph --><!-- wp:paragraph --></p>
<p style="padding-left: 40px; text-align: justify;">Circular Economy</p>
<p style="text-align: justify;"><!-- /wp:paragraph --><!-- wp:paragraph --></p>
<p style="padding-left: 80px; text-align: justify;">Ultimately, the circular economy is an approach that is more systemic and ambitious than just recycling. Here, the producers’ themselves have adapted their products and packaging in such a way that these materials after use can be transformed into something of equal or even greater value. By extending the life span of products much less raw material are required, thus also reducing emissions and production cost. In addition to improved product design, advanced collection systems and recycling technologies need be introduced to increase added value in waste management.</p>
<p style="padding-left: 80px; text-align: justify;"> </p>
<p style="text-align: justify;"><!-- /wp:paragraph --><!-- wp:paragraph --></p>
<p style="padding-left: 40px; text-align: justify;">Our National Integrated Waste Management Strategy in conformity with EU regulations sets ambitious targets towards the circular economy. We as operator of the regional waste management facilities, the municipalities of our Waste Zone as well as our citizens need to contribute their share to achieve these targets. Because this will protect our environment and our health and transform our cities into even more liveable cities.</p>
<p style="text-align: justify;"><!-- /wp:paragraph --><!-- wp:paragraph --></p>
<p style="padding-left: 40px; text-align: justify;">The first step for us is the introduction of source segregation and separate collection of recyclable materials. After the separate collection of the dry recyclables, they are further sorted and processed in a material recovery facility (MRF) in Sheristë to prepare them for recycling.</p>
<p style="padding-left: 40px; text-align: justify;"> </p>
<p><!-- /wp:paragraph --></p>						</div>
				</div>
					</div>
		</div>
					</div>
		</section>
				</div>

<!-- This site is optimized with the Yoast SEO plugin v22.1 - https://yoast.com/wordpress/plugins/seo/ -->
<title>Recycling - Menaxhimi i Integruar i Mbetjeve</title>
<meta name="robots" content="index, follow, max-snippet:-1, max-image-preview:large, max-video-preview:-1" />
<link rel="canonical" href="https://mimvlora.al/?page_id=321&lang=en" />
<meta property="og:locale" content="en_US" />
<meta property="og:type" content="article" />
<meta property="og:title" content="Recycling - Menaxhimi i Integruar i Mbetjeve" />
<meta property="og:description" content="We protect natural resources “Separation and sorting of valuable materials from waste reduces waste going to the landfill, minimise the usage of natural resources and generates jobs and income in recycling industries” Recycling moves waste management from linear management to circularity and more sustainability. So,..." />
<meta property="og:url" content="https://mimvlora.al/?page_id=321&amp;lang=en" />
<meta property="og:site_name" content="Menaxhimi i Integruar i Mbetjeve" />
<meta property="article:publisher" content="https://www.facebook.com/Nd%c3%abrmarrja-e-Menaxhimit-t%c3%ab-Integruar-t%c3%ab-Mbetjeve-108024937783375" />
<meta property="article:modified_time" content="2021-02-09T15:03:02+00:00" />
<meta property="og:image" content="https://mimvlora.al/wp-content/uploads/2021/02/circular-economy-1.png" />
<meta name="twitter:card" content="summary_large_image" />
<meta name="twitter:label1" content="Est. reading time" />
	<meta name="twitter:data1" content="2 minutes" />
<script type="application/ld+json" class="yoast-schema-graph">{"@context":"https://schema.org","@graph":[{"@type":"WebPage","@id":"https://mimvlora.al/?page_id=321&lang=en","url":"https://mimvlora.al/?page_id=321&lang=en","name":"Recycling - Menaxhimi i Integruar i Mbetjeve","isPartOf":{"@id":"https://mimvlora.al/#website"},"datePublished":"2021-01-15T16:18:07+00:00","dateModified":"2021-02-09T15:03:02+00:00","breadcrumb":{"@id":"https://mimvlora.al/?page_id=321&lang=en#breadcrumb"},"inLanguage":"en-US","potentialAction":[{"@type":"ReadAction","target":["https://mimvlora.al/?page_id=321&lang=en"]}]},{"@type":"BreadcrumbList","@id":"https://mimvlora.al/?page_id=321&lang=en#breadcrumb","itemListElement":[{"@type":"ListItem","position":1,"name":"Home","item":"http://mimvlora.al/"},{"@type":"ListItem","position":2,"name":"Recycling"}]},{"@type":"WebSite","@id":"https://mimvlora.al/#website","url":"https://mimvlora.al/","name":"Menaxhimi i Integruar i Mbetjeve","description":"","publisher":{"@id":"https://mimvlora.al/#organization"},"potentialAction":[{"@type":"SearchAction","target":{"@type":"EntryPoint","urlTemplate":"https://mimvlora.al/?s={search_term_string}"},"query-input":"required name=search_term_string"}],"inLanguage":"en-US"},{"@type":"Organization","@id":"https://mimvlora.al/#organization","name":"MIM Vlora","url":"https://mimvlora.al/","logo":{"@type":"ImageObject","inLanguage":"en-US","@id":"https://mimvlora.al/#/schema/logo/image/","url":"https://i1.wp.com/mimvlora.al/wp-content/uploads/2021/01/logo-1.png?fit=500%2C500&ssl=1","contentUrl":"https://i1.wp.com/mimvlora.al/wp-content/uploads/2021/01/logo-1.png?fit=500%2C500&ssl=1","width":500,"height":500,"caption":"MIM Vlora"},"image":{"@id":"https://mimvlora.al/#/schema/logo/image/"},"sameAs":["https://www.facebook.com/Ndërmarrja-e-Menaxhimit-të-Integruar-të-Mbetjeve-108024937783375"]}]}</script>
<!-- / Yoast SEO plugin. -->

https://www.facebook.com/Ndërmarrja-e-Menaxhimit-të-Integruar-të-Mbetjeve-108024937783375
