{"id":353,"date":"2021-01-15T17:25:21","date_gmt":"2021-01-15T17:25:21","guid":{"rendered":"https:\/\/mimvlora.al\/?page_id=353"},"modified":"2021-02-09T15:31:36","modified_gmt":"2021-02-09T15:31:36","slug":"riciklimi","status":"publish","type":"page","link":"https:\/\/mimvlora.al\/?page_id=353","title":{"rendered":"Riciklimi"},"content":{"rendered":"\t\t<div data-elementor-type=\"wp-page\" data-elementor-id=\"353\" class=\"elementor elementor-353\">\n\t\t\t\t\t\t<section class=\"elementor-section elementor-top-section elementor-element elementor-element-f3514bc elementor-section-boxed elementor-section-height-default elementor-section-height-default parallax_section_no qode_elementor_container_no\" data-id=\"f3514bc\" data-element_type=\"section\">\n\t\t\t\t\t\t<div class=\"elementor-container elementor-column-gap-default\">\n\t\t\t\t\t<div class=\"elementor-column elementor-col-100 elementor-top-column elementor-element elementor-element-2f5ca0f\" data-id=\"2f5ca0f\" data-element_type=\"column\">\n\t\t\t<div class=\"elementor-widget-wrap elementor-element-populated\">\n\t\t\t\t\t\t<div class=\"elementor-element elementor-element-6058ad7 elementor-widget elementor-widget-text-editor\" data-id=\"6058ad7\" data-element_type=\"widget\" data-widget_type=\"text-editor.default\">\n\t\t\t\t<div class=\"elementor-widget-container\">\n\t\t\t\t\t\t\t<h4 style=\"text-align: center;\"><span style=\"color: #808080;\"><strong>Ne mbrojm\u00eb burimet natyrore<\/strong><\/span><\/h4><h4 style=\"text-align: center;\"><span style=\"color: #808080;\"><strong>&#8220;Ndarja dhe klasifikimi i materialeve t\u00eb vlefshme nga mbeturinat zvog\u00eblon mbeturinat q\u00eb shkojn\u00eb n\u00eb deponi, minimizon p\u00ebrdorimin e burimeve natyrore dhe gjeneron vende pune dhe t\u00eb ardhura n\u00eb industrit\u00eb e riciklimit&#8221;<\/strong><\/span><\/h4><p>\u00a0<\/p><p style=\"text-align: justify;\">Riciklimi l\u00ebviz menaxhimin e mbetjeve nga menaxhimi linear n\u00eb qarkor dhe m\u00eb shum\u00eb q\u00ebndrueshm\u00ebri. Pra, \u00e7far\u00eb do t\u00eb thot\u00eb &#8211; kalimi nga nj\u00eb ekonomi lineare n\u00eb nj\u00eb ekonomi rrethore?<\/p><p style=\"text-align: justify;\">Ne p\u00ebrpiqemi ta shpjegojm\u00eb k\u00ebtu:<\/p><p style=\"text-align: justify;\"><img fetchpriority=\"high\" decoding=\"async\" class=\"size-full wp-image-811 aligncenter\" src=\"https:\/\/i0.wp.com\/mimvlora.al\/wp-content\/uploads\/2021\/02\/circular-economy-1.png?resize=600%2C286&#038;ssl=1\" alt=\"\" width=\"600\" height=\"286\" data-recalc-dims=\"1\" srcset=\"https:\/\/i0.wp.com\/mimvlora.al\/wp-content\/uploads\/2021\/02\/circular-economy-1.png?w=600&amp;ssl=1 600w, https:\/\/i0.wp.com\/mimvlora.al\/wp-content\/uploads\/2021\/02\/circular-economy-1.png?resize=300%2C143&amp;ssl=1 300w\" sizes=\"(max-width: 600px) 100vw, 600px\" \/><\/p><p style=\"padding-left: 40px; text-align: justify;\"><strong>Ekonomia lineare<\/strong><\/p><p style=\"padding-left: 80px; text-align: justify;\">Nj\u00eb ekonomi lineare tradicionalisht ndjek qasjen &#8220;prodhim-p\u00ebrdorim-disponim&#8221;. Ta themi thjesht, ne marrim l\u00ebnd\u00eb t\u00eb par\u00eb p\u00ebr p\u00ebrpunim n\u00eb produkte q\u00eb hidhen pas p\u00ebrdorimit. Me sa duket, kjo \u00ebsht\u00eb joefikase, e kushtueshme dhe shteron burimet natyrore n\u00eb nj\u00eb shkall\u00eb t\u00eb gjer\u00eb.<\/p><p style=\"text-align: justify;\">\u00a0<\/p><p style=\"padding-left: 40px; text-align: justify;\"><strong>Ekonomia e riciklimit<\/strong><\/p><p style=\"padding-left: 80px; text-align: justify;\">Vet\u00ebm gj\u00ebra t\u00eb tilla q\u00eb jan\u00eb t\u00eb lehta p\u00ebr tu mbledhur dhe ricikluar riciklohen, nd\u00ebrsa shum\u00eb materiale t\u00eb tjera potencialisht t\u00eb riciklueshme n\u00eb mbeturina akoma hidhen.<\/p><p style=\"text-align: justify;\">\u00a0<\/p><p style=\"padding-left: 40px; text-align: justify;\"><strong>Ekonomi rrethore<\/strong><\/p><p style=\"padding-left: 80px; text-align: justify;\">N\u00eb fund t\u00eb fundit, ekonomia rrethore \u00ebsht\u00eb nj\u00eb qasje m\u00eb sistematike dhe ambicioze sesa thjesht riciklimi. K\u00ebtu, vet\u00eb prodhuesit kan\u00eb p\u00ebrshtatur produktet dhe paketimet e tyre n\u00eb nj\u00eb m\u00ebnyr\u00eb t\u00eb till\u00eb q\u00eb k\u00ebto materiale pas p\u00ebrdorimit t\u00eb mund t\u00eb shnd\u00ebrrohen n\u00eb di\u00e7ka me vler\u00eb t\u00eb barabart\u00eb ose edhe m\u00eb t\u00eb madhe. Duke zgjatur jet\u00ebgjat\u00ebsin\u00eb e produkteve k\u00ebrkohet shum\u00eb m\u00eb pak l\u00ebnd\u00eb e par\u00eb, duke ulur k\u00ebshtu emetimet dhe koston e prodhimit. P\u00ebrve\u00e7 p\u00ebrmir\u00ebsimit t\u00eb dizajnit t\u00eb produktit, duhet t\u00eb futen sisteme t\u00eb p\u00ebrparuara t\u00eb grumbullimit dhe teknologjive t\u00eb riciklimit p\u00ebr t\u00eb rritur vler\u00ebn e shtuar n\u00eb menaxhimin e mbeturinave.<\/p><p style=\"text-align: justify;\">\u00a0<\/p><p style=\"padding-left: 40px; text-align: justify;\">Strategjia jon\u00eb Komb\u00ebtare e Menaxhimit t\u00eb Integruar t\u00eb Mbetjeve, n\u00eb p\u00ebrputhje me rregulloret e BE-s\u00eb, p\u00ebrcakton synime ambicioze drejt ekonomis\u00eb qarkore. Ne si operator i mjediseve rajonale t\u00eb menaxhimit t\u00eb mbetjeve, komunat e Zon\u00ebs son\u00eb t\u00eb Mbeturinave, si dhe qytetar\u00ebt tan\u00eb duhet t\u00eb kontribuojn\u00eb pjes\u00ebn e tyre p\u00ebr t\u00eb arritur k\u00ebto synime. Sepse kjo do t\u00eb mbroj\u00eb mjedisin dhe sh\u00ebndetin ton\u00eb dhe do t\u00eb transformoj\u00eb qytetet tona n\u00eb qytete edhe m\u00eb t\u00eb jetueshme.<\/p><p style=\"text-align: justify;\">\u00a0<\/p><p style=\"padding-left: 40px; text-align: justify;\">Hapi i par\u00eb p\u00ebr ne \u00ebsht\u00eb futja e ndarjes s\u00eb burimit dhe mbledhja e ve\u00e7ant\u00eb e materialeve t\u00eb riciklueshme. Pas mbledhjes s\u00eb ve\u00e7ant\u00eb t\u00eb riciklueshmeve t\u00eb thata, ato renditen m\u00eb tej dhe p\u00ebrpunohen n\u00eb nj\u00eb struktur\u00eb t\u00eb rikuperimit t\u00eb materialit (MRF) n\u00eb Sherist\u00eb p\u00ebr t&#8217;i p\u00ebrgatitur ato p\u00ebr riciklim.<\/p>\t\t\t\t\t\t<\/div>\n\t\t\t\t<\/div>\n\t\t\t\t\t<\/div>\n\t\t<\/div>\n\t\t\t\t\t<\/div>\n\t\t<\/section>\n\t\t\t\t<\/div>\n\t\t","protected":false},"excerpt":{"rendered":"<p>Ne mbrojm\u00eb burimet natyrore &#8220;Ndarja dhe klasifikimi i materialeve t\u00eb vlefshme nga mbeturinat zvog\u00eblon mbeturinat q\u00eb shkojn\u00eb n\u00eb deponi, minimizon p\u00ebrdorimin e burimeve natyrore dhe gjeneron vende pune dhe t\u00eb ardhura n\u00eb industrit\u00eb e riciklimit&#8221; Riciklimi l\u00ebviz menaxhimin e mbetjeve nga menaxhimi linear n\u00eb qarkor&#8230;<\/p>\n","protected":false},"author":1,"featured_media":0,"parent":0,"menu_order":0,"comment_status":"closed","ping_status":"closed","template":"","meta":{"nf_dc_page":"","footnotes":""},"yoast_head":"<!-- This site is optimized with the Yoast SEO plugin v22.1 - https:\/\/yoast.com\/wordpress\/plugins\/seo\/ -->\n<title>Riciklimi - Menaxhimi i Integruar i Mbetjeve<\/title>\n<meta name=\"robots\" content=\"index, follow, max-snippet:-1, max-image-preview:large, max-video-preview:-1\" \/>\n<link rel=\"canonical\" href=\"https:\/\/mimvlora.al\/?page_id=353\" \/>\n<meta property=\"og:locale\" content=\"en_US\" \/>\n<meta property=\"og:type\" content=\"article\" \/>\n<meta property=\"og:title\" content=\"Riciklimi - Menaxhimi i Integruar i Mbetjeve\" \/>\n<meta property=\"og:description\" content=\"Ne mbrojm\u00eb burimet natyrore &#8220;Ndarja dhe klasifikimi i materialeve t\u00eb vlefshme nga mbeturinat zvog\u00eblon mbeturinat q\u00eb shkojn\u00eb n\u00eb deponi, minimizon p\u00ebrdorimin e burimeve natyrore dhe gjeneron vende pune dhe t\u00eb ardhura n\u00eb industrit\u00eb e riciklimit&#8221; Riciklimi l\u00ebviz menaxhimin e mbetjeve nga menaxhimi linear n\u00eb qarkor...\" \/>\n<meta property=\"og:url\" content=\"https:\/\/mimvlora.al\/?page_id=353\" \/>\n<meta property=\"og:site_name\" content=\"Menaxhimi i Integruar i Mbetjeve\" \/>\n<meta property=\"article:publisher\" content=\"https:\/\/www.facebook.com\/Nd%c3%abrmarrja-e-Menaxhimit-t%c3%ab-Integruar-t%c3%ab-Mbetjeve-108024937783375\" \/>\n<meta property=\"article:modified_time\" content=\"2021-02-09T15:31:36+00:00\" \/>\n<meta property=\"og:image\" content=\"https:\/\/mimvlora.al\/wp-content\/uploads\/2021\/02\/circular-economy-1.png\" \/>\n<meta name=\"twitter:card\" content=\"summary_large_image\" \/>\n<meta name=\"twitter:label1\" content=\"Est. reading time\" \/>\n\t<meta name=\"twitter:data1\" content=\"2 minutes\" \/>\n<script type=\"application\/ld+json\" class=\"yoast-schema-graph\">{\"@context\":\"https:\/\/schema.org\",\"@graph\":[{\"@type\":\"WebPage\",\"@id\":\"https:\/\/mimvlora.al\/?page_id=353\",\"url\":\"https:\/\/mimvlora.al\/?page_id=353\",\"name\":\"Riciklimi - Menaxhimi i Integruar i Mbetjeve\",\"isPartOf\":{\"@id\":\"https:\/\/mimvlora.al\/#website\"},\"datePublished\":\"2021-01-15T17:25:21+00:00\",\"dateModified\":\"2021-02-09T15:31:36+00:00\",\"breadcrumb\":{\"@id\":\"https:\/\/mimvlora.al\/?page_id=353#breadcrumb\"},\"inLanguage\":\"en-US\",\"potentialAction\":[{\"@type\":\"ReadAction\",\"target\":[\"https:\/\/mimvlora.al\/?page_id=353\"]}]},{\"@type\":\"BreadcrumbList\",\"@id\":\"https:\/\/mimvlora.al\/?page_id=353#breadcrumb\",\"itemListElement\":[{\"@type\":\"ListItem\",\"position\":1,\"name\":\"Home\",\"item\":\"http:\/\/mimvlora.al\/\"},{\"@type\":\"ListItem\",\"position\":2,\"name\":\"Riciklimi\"}]},{\"@type\":\"WebSite\",\"@id\":\"https:\/\/mimvlora.al\/#website\",\"url\":\"https:\/\/mimvlora.al\/\",\"name\":\"Menaxhimi i Integruar i Mbetjeve\",\"description\":\"\",\"publisher\":{\"@id\":\"https:\/\/mimvlora.al\/#organization\"},\"potentialAction\":[{\"@type\":\"SearchAction\",\"target\":{\"@type\":\"EntryPoint\",\"urlTemplate\":\"https:\/\/mimvlora.al\/?s={search_term_string}\"},\"query-input\":\"required name=search_term_string\"}],\"inLanguage\":\"en-US\"},{\"@type\":\"Organization\",\"@id\":\"https:\/\/mimvlora.al\/#organization\",\"name\":\"MIM Vlora\",\"url\":\"https:\/\/mimvlora.al\/\",\"logo\":{\"@type\":\"ImageObject\",\"inLanguage\":\"en-US\",\"@id\":\"https:\/\/mimvlora.al\/#\/schema\/logo\/image\/\",\"url\":\"https:\/\/i1.wp.com\/mimvlora.al\/wp-content\/uploads\/2021\/01\/logo-1.png?fit=500%2C500&ssl=1\",\"contentUrl\":\"https:\/\/i1.wp.com\/mimvlora.al\/wp-content\/uploads\/2021\/01\/logo-1.png?fit=500%2C500&ssl=1\",\"width\":500,\"height\":500,\"caption\":\"MIM Vlora\"},\"image\":{\"@id\":\"https:\/\/mimvlora.al\/#\/schema\/logo\/image\/\"},\"sameAs\":[\"https:\/\/www.facebook.com\/Nd\u00ebrmarrja-e-Menaxhimit-t\u00eb-Integruar-t\u00eb-Mbetjeve-108024937783375\"]}]}<\/script>\n<!-- \/ Yoast SEO plugin. -->","yoast_head_json":{"title":"Riciklimi - Menaxhimi i Integruar i Mbetjeve","robots":{"index":"index","follow":"follow","max-snippet":"max-snippet:-1","max-image-preview":"max-image-preview:large","max-video-preview":"max-video-preview:-1"},"canonical":"https:\/\/mimvlora.al\/?page_id=353","og_locale":"en_US","og_type":"article","og_title":"Riciklimi - Menaxhimi i Integruar i Mbetjeve","og_description":"Ne mbrojm\u00eb burimet natyrore &#8220;Ndarja dhe klasifikimi i materialeve t\u00eb vlefshme nga mbeturinat zvog\u00eblon mbeturinat q\u00eb shkojn\u00eb n\u00eb deponi, minimizon p\u00ebrdorimin e burimeve natyrore dhe gjeneron vende pune dhe t\u00eb ardhura n\u00eb industrit\u00eb e riciklimit&#8221; Riciklimi l\u00ebviz menaxhimin e mbetjeve nga menaxhimi linear n\u00eb qarkor...","og_url":"https:\/\/mimvlora.al\/?page_id=353","og_site_name":"Menaxhimi i Integruar i Mbetjeve","article_publisher":"https:\/\/www.facebook.com\/Nd%c3%abrmarrja-e-Menaxhimit-t%c3%ab-Integruar-t%c3%ab-Mbetjeve-108024937783375","article_modified_time":"2021-02-09T15:31:36+00:00","og_image":[{"url":"https:\/\/mimvlora.al\/wp-content\/uploads\/2021\/02\/circular-economy-1.png"}],"twitter_card":"summary_large_image","twitter_misc":{"Est. reading time":"2 minutes"},"schema":{"@context":"https:\/\/schema.org","@graph":[{"@type":"WebPage","@id":"https:\/\/mimvlora.al\/?page_id=353","url":"https:\/\/mimvlora.al\/?page_id=353","name":"Riciklimi - Menaxhimi i Integruar i Mbetjeve","isPartOf":{"@id":"https:\/\/mimvlora.al\/#website"},"datePublished":"2021-01-15T17:25:21+00:00","dateModified":"2021-02-09T15:31:36+00:00","breadcrumb":{"@id":"https:\/\/mimvlora.al\/?page_id=353#breadcrumb"},"inLanguage":"en-US","potentialAction":[{"@type":"ReadAction","target":["https:\/\/mimvlora.al\/?page_id=353"]}]},{"@type":"BreadcrumbList","@id":"https:\/\/mimvlora.al\/?page_id=353#breadcrumb","itemListElement":[{"@type":"ListItem","position":1,"name":"Home","item":"http:\/\/mimvlora.al\/"},{"@type":"ListItem","position":2,"name":"Riciklimi"}]},{"@type":"WebSite","@id":"https:\/\/mimvlora.al\/#website","url":"https:\/\/mimvlora.al\/","name":"Menaxhimi i Integruar i Mbetjeve","description":"","publisher":{"@id":"https:\/\/mimvlora.al\/#organization"},"potentialAction":[{"@type":"SearchAction","target":{"@type":"EntryPoint","urlTemplate":"https:\/\/mimvlora.al\/?s={search_term_string}"},"query-input":"required name=search_term_string"}],"inLanguage":"en-US"},{"@type":"Organization","@id":"https:\/\/mimvlora.al\/#organization","name":"MIM Vlora","url":"https:\/\/mimvlora.al\/","logo":{"@type":"ImageObject","inLanguage":"en-US","@id":"https:\/\/mimvlora.al\/#\/schema\/logo\/image\/","url":"https:\/\/i1.wp.com\/mimvlora.al\/wp-content\/uploads\/2021\/01\/logo-1.png?fit=500%2C500&ssl=1","contentUrl":"https:\/\/i1.wp.com\/mimvlora.al\/wp-content\/uploads\/2021\/01\/logo-1.png?fit=500%2C500&ssl=1","width":500,"height":500,"caption":"MIM Vlora"},"image":{"@id":"https:\/\/mimvlora.al\/#\/schema\/logo\/image\/"},"sameAs":["https:\/\/www.facebook.com\/Nd\u00ebrmarrja-e-Menaxhimit-t\u00eb-Integruar-t\u00eb-Mbetjeve-108024937783375"]}]}},"jetpack_sharing_enabled":true,"_links":{"self":[{"href":"https:\/\/mimvlora.al\/index.php?rest_route=\/wp\/v2\/pages\/353"}],"collection":[{"href":"https:\/\/mimvlora.al\/index.php?rest_route=\/wp\/v2\/pages"}],"about":[{"href":"https:\/\/mimvlora.al\/index.php?rest_route=\/wp\/v2\/types\/page"}],"author":[{"embeddable":true,"href":"https:\/\/mimvlora.al\/index.php?rest_route=\/wp\/v2\/users\/1"}],"replies":[{"embeddable":true,"href":"https:\/\/mimvlora.al\/index.php?rest_route=%2Fwp%2Fv2%2Fcomments&post=353"}],"version-history":[{"count":5,"href":"https:\/\/mimvlora.al\/index.php?rest_route=\/wp\/v2\/pages\/353\/revisions"}],"predecessor-version":[{"id":946,"href":"https:\/\/mimvlora.al\/index.php?rest_route=\/wp\/v2\/pages\/353\/revisions\/946"}],"wp:attachment":[{"href":"https:\/\/mimvlora.al\/index.php?rest_route=%2Fwp%2Fv2%2Fmedia&parent=353"}],"curies":[{"name":"wp","href":"https:\/\/api.w.org\/{rel}","templated":true}]}}